Last updated on 2025-10-25 05:50:05 CEST.
| Flavor | Version | Tinstall | Tcheck | Ttotal | Status | Flags |
|---|---|---|---|---|---|---|
| r-devel-linux-x86_64-debian-clang | 1.0 | 1.85 | 25.70 | 27.55 | OK | |
| r-devel-linux-x86_64-debian-gcc | 1.0 | 1.56 | 20.85 | 22.41 | OK | |
| r-devel-linux-x86_64-fedora-clang | 1.0 | 38.64 | NOTE | |||
| r-devel-linux-x86_64-fedora-gcc | 1.0 | 38.48 | NOTE | |||
| r-devel-windows-x86_64 | 1.0 | 4.00 | 42.00 | 46.00 | OK | |
| r-patched-linux-x86_64 | 1.0 | 2.14 | 24.64 | 26.78 | OK | |
| r-release-linux-x86_64 | 1.0 | 1.30 | 25.17 | 26.47 | OK | |
| r-release-macos-arm64 | 1.0 | 1.00 | 18.00 | 19.00 | OK | |
| r-release-macos-x86_64 | 1.0 | 2.00 | 27.00 | 29.00 | OK | |
| r-release-windows-x86_64 | 1.0 | 3.00 | 45.00 | 48.00 | OK | |
| r-oldrel-macos-arm64 | 1.0 | 1.00 | 17.00 | 18.00 | OK | |
| r-oldrel-macos-x86_64 | 1.0 | 2.00 | 33.00 | 35.00 | OK | |
| r-oldrel-windows-x86_64 | 1.0 | 4.00 | 49.00 | 53.00 | OK |
Version: 1.0
Check: dependencies in R code
Result: NOTE
Namespace in Imports field not imported from: ‘splines’
All declared Imports should be used.
Flavors: r-devel-linux-x86_64-fedora-clang, r-devel-linux-x86_64-fedora-gcc
These binaries (installable software) and packages are in development.
They may not be fully stable and should be used with caution. We make no claims about them.