CRAN Package Check Results for Package KFPLS

Last updated on 2025-07-01 15:49:52 CEST.

Flavor Version Tinstall Tcheck Ttotal Status Flags
r-devel-linux-x86_64-debian-clang 1.0 2.08 24.38 26.46 OK
r-devel-linux-x86_64-debian-gcc 1.0 1.63 20.35 21.98 OK
r-devel-linux-x86_64-fedora-clang 1.0 42.42 NOTE
r-devel-linux-x86_64-fedora-gcc 1.0 37.71 NOTE
r-devel-windows-x86_64 1.0 4.00 44.00 48.00 OK
r-patched-linux-x86_64 OK
r-release-linux-x86_64 1.0 2.01 24.06 26.07 OK
r-release-macos-arm64 1.0 19.00 OK
r-release-macos-x86_64 1.0 29.00 OK
r-release-windows-x86_64 1.0 3.00 44.00 47.00 OK
r-oldrel-macos-arm64 1.0 18.00 OK
r-oldrel-macos-x86_64 1.0 35.00 OK
r-oldrel-windows-x86_64 1.0 4.00 51.00 55.00 OK

Check Details

Version: 1.0
Check: dependencies in R code
Result: NOTE Namespace in Imports field not imported from: ‘splines’ All declared Imports should be used. Flavors: r-devel-linux-x86_64-fedora-clang, r-devel-linux-x86_64-fedora-gcc

These binaries (installable software) and packages are in development.
They may not be fully stable and should be used with caution. We make no claims about them.