Last updated on 2025-05-01 21:53:07 CEST.
Flavor | Version | Tinstall | Tcheck | Ttotal | Status | Flags |
---|---|---|---|---|---|---|
r-devel-linux-x86_64-debian-clang | 1.0.2 | 11.19 | 89.76 | 100.95 | NOTE | |
r-devel-linux-x86_64-debian-gcc | 1.0.2 | 7.81 | 63.66 | 71.47 | NOTE | |
r-devel-linux-x86_64-fedora-clang | 1.0.2 | 157.53 | NOTE | |||
r-devel-linux-x86_64-fedora-gcc | 1.0.2 | 154.00 | NOTE | |||
r-devel-windows-x86_64 | 1.0.2 | 13.00 | 117.00 | 130.00 | NOTE | |
r-patched-linux-x86_64 | 1.0.2 | 10.84 | 82.18 | 93.02 | NOTE | |
r-release-linux-x86_64 | NOTE | |||||
r-release-macos-arm64 | 1.0.2 | 44.00 | NOTE | |||
r-release-macos-x86_64 | 1.0.2 | 115.00 | OK | |||
r-release-windows-x86_64 | 1.0.2 | 11.00 | 116.00 | 127.00 | NOTE | |
r-oldrel-macos-arm64 | 1.0.2 | 43.00 | OK | |||
r-oldrel-macos-x86_64 | 1.0.2 | 115.00 | OK | |||
r-oldrel-windows-x86_64 | 1.0.2 | 17.00 | 115.00 | 132.00 | OK |
Version: 1.0.2
Check: DESCRIPTION meta-information
Result: NOTE
Missing dependency on R >= 4.2.0 because package code uses the pipe
placeholder syntax added in R 4.2.0.
File(s) using such syntax:
‘linkedLR.Rd’
Flavors: r-devel-linux-x86_64-debian-clang, r-devel-linux-x86_64-debian-gcc, r-devel-linux-x86_64-fedora-clang, r-devel-linux-x86_64-fedora-gcc, r-devel-windows-x86_64, r-patched-linux-x86_64, r-release-linux-x86_64, r-release-macos-arm64, r-release-windows-x86_64
These binaries (installable software) and packages are in development.
They may not be fully stable and should be used with caution. We make no claims about them.