Last updated on 2025-10-23 11:50:17 CEST.
Flavor | Version | Tinstall | Tcheck | Ttotal | Status | Flags |
---|---|---|---|---|---|---|
r-devel-linux-x86_64-debian-clang | 0.1.0 | 2.97 | 35.05 | 38.02 | NOTE | |
r-devel-linux-x86_64-debian-gcc | 0.1.0 | 2.00 | 26.63 | 28.63 | NOTE | |
r-devel-linux-x86_64-fedora-clang | 0.1.0 | 55.21 | OK | |||
r-devel-linux-x86_64-fedora-gcc | 0.1.0 | 50.44 | OK | |||
r-devel-windows-x86_64 | 0.1.0 | 4.00 | 47.00 | 51.00 | OK | |
r-patched-linux-x86_64 | 0.1.0 | 2.68 | 31.81 | 34.49 | OK | |
r-release-linux-x86_64 | 0.1.0 | 2.67 | 31.28 | 33.95 | OK | |
r-release-macos-arm64 | 0.1.0 | 1.00 | 21.00 | 22.00 | OK | |
r-release-macos-x86_64 | 0.1.0 | 2.00 | 39.00 | 41.00 | OK | |
r-release-windows-x86_64 | 0.1.0 | 4.00 | 50.00 | 54.00 | OK | |
r-oldrel-macos-arm64 | 0.1.0 | 1.00 | 20.00 | 21.00 | OK | |
r-oldrel-macos-x86_64 | 0.1.0 | 2.00 | 36.00 | 38.00 | OK | |
r-oldrel-windows-x86_64 | 0.1.0 | 5.00 | 57.00 | 62.00 | OK |
Version: 0.1.0
Check: CRAN incoming feasibility
Result: NOTE
Maintainer: ‘Zhen Huang <zh2395@columbia.edu>’
The Description field contains
Sen (2022) <arXiv:2210.00634>.
Please refer to arXiv e-prints via their arXiv DOI <doi:10.48550/arXiv.YYMM.NNNNN>.
Flavors: r-devel-linux-x86_64-debian-clang, r-devel-linux-x86_64-debian-gcc
These binaries (installable software) and packages are in development.
They may not be fully stable and should be used with caution. We make no claims about them.