Last updated on 2025-02-16 10:50:49 CET.
Flavor | Version | Tinstall | Tcheck | Ttotal | Status | Flags |
---|---|---|---|---|---|---|
r-devel-linux-x86_64-debian-clang | 2.4.1 | 56.17 | 80.52 | 136.69 | OK | |
r-devel-linux-x86_64-debian-gcc | 2.4.1 | 35.56 | 60.63 | 96.19 | OK | |
r-devel-linux-x86_64-fedora-clang | 2.4.1 | 251.60 | OK | |||
r-devel-linux-x86_64-fedora-gcc | 2.4.1 | 247.65 | OK | |||
r-devel-macos-arm64 | 2.4.1 | 62.00 | OK | |||
r-devel-macos-x86_64 | 2.4.1 | 130.00 | OK | |||
r-devel-windows-x86_64 | 2.4.1 | 59.00 | 124.00 | 183.00 | OK | |
r-patched-linux-x86_64 | 2.4.1 | 50.04 | 77.69 | 127.73 | OK | |
r-release-linux-x86_64 | 2.4.1 | 48.52 | 78.22 | 126.74 | OK | |
r-release-macos-arm64 | 2.4.1 | 69.00 | NOTE | |||
r-release-macos-x86_64 | 2.4.1 | 134.00 | NOTE | |||
r-release-windows-x86_64 | 2.4.1 | 60.00 | 126.00 | 186.00 | OK | |
r-oldrel-macos-arm64 | 2.4.1 | 74.00 | NOTE | |||
r-oldrel-macos-x86_64 | 2.4.1 | 127.00 | NOTE | |||
r-oldrel-windows-x86_64 | 2.4.1 | 72.00 | 141.00 | 213.00 | OK |
Version: 2.4.1
Check: installed package size
Result: NOTE
installed size is 6.8Mb
sub-directories of 1Mb or more:
data 1.6Mb
libs 4.1Mb
Flavors: r-release-macos-arm64, r-release-macos-x86_64, r-oldrel-macos-arm64, r-oldrel-macos-x86_64
These binaries (installable software) and packages are in development.
They may not be fully stable and should be used with caution. We make no claims about them.