CRAN Package Check Results for Package KOFM

Last updated on 2025-05-01 14:49:13 CEST.

Flavor Version Tinstall Tcheck Ttotal Status Flags
r-devel-linux-x86_64-debian-clang 0.1.1 6.14 95.53 101.67 OK
r-devel-linux-x86_64-debian-gcc 0.1.1 4.87 68.02 72.89 OK
r-devel-linux-x86_64-fedora-clang 0.1.1 161.90 OK
r-devel-linux-x86_64-fedora-gcc 0.1.1 176.29 OK
r-devel-windows-x86_64 0.1.1 8.00 92.00 100.00 ERROR
r-patched-linux-x86_64 0.1.1 7.44 94.95 102.39 OK
r-release-linux-x86_64 OK
r-release-macos-arm64 0.1.1 73.00 OK
r-release-macos-x86_64 0.1.1 105.00 OK
r-release-windows-x86_64 0.1.1 9.00 92.00 101.00 ERROR
r-oldrel-macos-arm64 0.1.1 61.00 OK
r-oldrel-macos-x86_64 0.1.1 187.00 OK
r-oldrel-windows-x86_64 0.1.1 8.00 111.00 119.00 ERROR

Check Details

Version: 0.1.1
Check: re-building of vignette outputs
Result: ERROR Error(s) in re-building vignettes: --- re-building 'A-short-introduction-to-KOFM.Rmd' using rmarkdown Quitting from A-short-introduction-to-KOFM.Rmd:172-179 [unnamed-chunk-15] ~~~~~~~~~~~~~~~~~~~~~~~~~~~~~~~~~~~~~~~~~~~~~~~~~~~~~~~~~~~~~~~~~~~~~~~~~~~~~~~~ <error/rlang_error> Error in `svd()`: ! infinite or missing values in 'x' --- Backtrace: ▆ 1. └─KOFM::testKron_auto(...) 2. └─base::svd(...) ~~~~~~~~~~~~~~~~~~~~~~~~~~~~~~~~~~~~~~~~~~~~~~~~~~~~~~~~~~~~~~~~~~~~~~~~~~~~~~~~ Error: processing vignette 'A-short-introduction-to-KOFM.Rmd' failed with diagnostics: infinite or missing values in 'x' --- failed re-building 'A-short-introduction-to-KOFM.Rmd' SUMMARY: processing the following file failed: 'A-short-introduction-to-KOFM.Rmd' Error: Vignette re-building failed. Execution halted Flavors: r-devel-windows-x86_64, r-release-windows-x86_64, r-oldrel-windows-x86_64

These binaries (installable software) and packages are in development.
They may not be fully stable and should be used with caution. We make no claims about them.