CRAN Package Check Results for Package KRLS

Last updated on 2025-11-22 19:50:33 CET.

Flavor Version Tinstall Tcheck Ttotal Status Flags
r-devel-linux-x86_64-debian-clang 1.0-0 1.90 25.06 26.96 NOTE
r-devel-linux-x86_64-debian-gcc 1.0-0 1.52 19.95 21.47 NOTE
r-devel-linux-x86_64-fedora-clang 1.0-0 40.26 OK
r-devel-windows-x86_64 1.0-0 5.00 43.00 48.00 OK
r-patched-linux-x86_64 1.0-0 2.27 24.12 26.39 OK
r-release-linux-x86_64 1.0-0 2.11 23.65 25.76 OK
r-release-macos-arm64 1.0-0 OK
r-release-macos-x86_64 1.0-0 2.00 33.00 35.00 OK
r-release-windows-x86_64 1.0-0 3.00 50.00 53.00 OK
r-oldrel-macos-arm64 1.0-0 OK
r-oldrel-macos-x86_64 1.0-0 2.00 22.00 24.00 OK
r-oldrel-windows-x86_64 1.0-0 4.00 50.00 54.00 OK

Check Details

Version: 1.0-0
Check: CRAN incoming feasibility
Result: NOTE Maintainer: ‘Jens Hainmueller <jhain@stanford.edu>’ No Authors@R field in DESCRIPTION. Please add one, modifying Authors@R: c(person(given = c("Jens", "Hainmueller", "Chad", "Hazlett"), family = "(UCLA)", role = "aut", comment = "UCLA"), person(given = "Jens", family = "Hainmueller", role = "cre", email = "jhain@stanford.edu")) as necessary. Found the following \keyword or \concept entries which likely give several index terms: File ‘krls.Rd’: \keyword{multivariate, smooth, kernels, machine le [TRUNCATED] Flavors: r-devel-linux-x86_64-debian-clang, r-devel-linux-x86_64-debian-gcc

These binaries (installable software) and packages are in development.
They may not be fully stable and should be used with caution. We make no claims about them.