Last updated on 2025-05-08 04:52:08 CEST.
Flavor | Version | Tinstall | Tcheck | Ttotal | Status | Flags |
---|---|---|---|---|---|---|
r-devel-linux-x86_64-debian-clang | 0.1.0 | 1.50 | 16.84 | 18.34 | NOTE | |
r-devel-linux-x86_64-debian-gcc | 0.1.0 | 1.34 | 13.88 | 15.22 | NOTE | |
r-devel-linux-x86_64-fedora-clang | 0.1.0 | 29.78 | OK | |||
r-devel-linux-x86_64-fedora-gcc | 0.1.0 | 28.30 | OK | |||
r-devel-windows-x86_64 | 0.1.0 | 3.00 | 38.00 | 41.00 | OK | |
r-patched-linux-x86_64 | 0.1.0 | 1.54 | 16.22 | 17.76 | OK | |
r-release-linux-x86_64 | 0.1.0 | 1.21 | 16.05 | 17.26 | OK | |
r-release-macos-arm64 | 0.1.0 | 15.00 | OK | |||
r-release-macos-x86_64 | 0.1.0 | 26.00 | OK | |||
r-release-windows-x86_64 | 0.1.0 | 2.00 | 38.00 | 40.00 | OK | |
r-oldrel-macos-arm64 | 0.1.0 | 14.00 | OK | |||
r-oldrel-macos-x86_64 | 0.1.0 | 22.00 | OK | |||
r-oldrel-windows-x86_64 | 0.1.0 | 2.00 | 38.00 | 40.00 | OK |
Version: 0.1.0
Check: CRAN incoming feasibility
Result: NOTE
Maintainer: ‘Dr. Fayed Alshammri <fayed333@hotmail.com>’
No Authors@R field in DESCRIPTION.
Please add one, modifying
Authors@R: c(person(given = "Fayed",
family = "Alshammri",
role = "aut"),
person(given = c("Dr.", "Fayed"),
family = "Alshammri",
role = "cre",
email = "fayed333@hotmail.com"))
as necessary.
Flavors: r-devel-linux-x86_64-debian-clang, r-devel-linux-x86_64-debian-gcc
These binaries (installable software) and packages are in development.
They may not be fully stable and should be used with caution. We make no claims about them.