CRAN Package Check Results for Package KSD

Last updated on 2025-05-01 10:50:13 CEST.

Flavor Version Tinstall Tcheck Ttotal Status Flags
r-devel-linux-x86_64-debian-clang 1.0.1 2.35 24.56 26.91 NOTE
r-devel-linux-x86_64-debian-gcc 1.0.1 1.80 19.50 21.30 NOTE
r-devel-linux-x86_64-fedora-clang 1.0.1 41.39 OK
r-devel-linux-x86_64-fedora-gcc 1.0.1 37.72 OK
r-devel-windows-x86_64 1.0.1 4.00 45.00 49.00 OK
r-patched-linux-x86_64 1.0.1 2.53 22.48 25.01 OK
r-release-linux-x86_64 OK
r-release-macos-arm64 1.0.1 16.00 OK
r-release-macos-x86_64 1.0.1 27.00 OK
r-release-windows-x86_64 1.0.1 4.00 46.00 50.00 OK
r-oldrel-macos-arm64 1.0.1 16.00 NOTE
r-oldrel-macos-x86_64 1.0.1 26.00 NOTE
r-oldrel-windows-x86_64 1.0.1 4.00 49.00 53.00 NOTE

Check Details

Version: 1.0.1
Check: CRAN incoming feasibility
Result: NOTE Maintainer: ‘Min Hyung Kang <Minhyung.Daniel.Kang@gmail.com>’ The Description field contains <arXiv:1602.03253>. Please refer to arXiv e-prints via their arXiv DOI <doi:10.48550/arXiv.YYMM.NNNNN>. Flavors: r-devel-linux-x86_64-debian-clang, r-devel-linux-x86_64-debian-gcc

Version: 1.0.1
Check: LazyData
Result: NOTE 'LazyData' is specified without a 'data' directory Flavors: r-oldrel-macos-arm64, r-oldrel-macos-x86_64, r-oldrel-windows-x86_64

These binaries (installable software) and packages are in development.
They may not be fully stable and should be used with caution. We make no claims about them.