CRAN Package Check Results for Package KTensorGraphs

Last updated on 2025-02-16 10:50:49 CET.

Flavor Version Tinstall Tcheck Ttotal Status Flags
r-devel-linux-x86_64-debian-clang 1.1 6.02 28.88 34.90 OK
r-devel-linux-x86_64-debian-gcc 1.1 2.90 20.34 23.24 OK
r-devel-linux-x86_64-fedora-clang 1.1 57.62 OK
r-devel-linux-x86_64-fedora-gcc 1.1 53.14 OK
r-devel-macos-arm64 1.1 19.00 OK
r-devel-macos-x86_64 1.1 35.00 OK
r-devel-windows-x86_64 1.1 6.00 41.00 47.00 OK
r-patched-linux-x86_64 1.1 5.58 27.78 33.36 NOTE
r-release-linux-x86_64 1.1 5.54 27.31 32.85 NOTE
r-release-macos-arm64 1.1 18.00 NOTE
r-release-macos-x86_64 1.1 26.00 NOTE
r-release-windows-x86_64 1.1 6.00 43.00 49.00 NOTE
r-oldrel-macos-arm64 1.1 18.00 NOTE
r-oldrel-macos-x86_64 1.1 27.00 NOTE
r-oldrel-windows-x86_64 1.1 8.00 43.00 51.00 NOTE

Check Details

Version: 1.1
Check: LazyData
Result: NOTE 'LazyData' is specified without a 'data' directory Flavors: r-patched-linux-x86_64, r-release-linux-x86_64, r-release-macos-arm64, r-release-macos-x86_64, r-release-windows-x86_64, r-oldrel-macos-arm64, r-oldrel-macos-x86_64, r-oldrel-windows-x86_64

These binaries (installable software) and packages are in development.
They may not be fully stable and should be used with caution. We make no claims about them.