Last updated on 2025-10-24 21:50:09 CEST.
| Flavor | Version | Tinstall | Tcheck | Ttotal | Status | Flags |
|---|---|---|---|---|---|---|
| r-devel-linux-x86_64-debian-clang | 2.0.2 | 3.31 | 32.37 | 35.68 | NOTE | |
| r-devel-linux-x86_64-debian-gcc | 2.0.2 | 2.64 | 24.86 | 27.50 | NOTE | |
| r-devel-linux-x86_64-fedora-clang | 2.0.2 | 50.91 | OK | |||
| r-devel-linux-x86_64-fedora-gcc | 2.0.2 | 47.82 | OK | |||
| r-devel-windows-x86_64 | 2.0.2 | 5.00 | 48.00 | 53.00 | OK | |
| r-patched-linux-x86_64 | 2.0.2 | 3.52 | 30.82 | 34.34 | OK | |
| r-release-linux-x86_64 | 2.0.2 | 3.66 | 30.62 | 34.28 | OK | |
| r-release-macos-arm64 | 2.0.2 | 2.00 | 22.00 | 24.00 | OK | |
| r-release-macos-x86_64 | 2.0.2 | 3.00 | 34.00 | 37.00 | OK | |
| r-release-windows-x86_64 | 2.0.2 | 6.00 | 51.00 | 57.00 | OK | |
| r-oldrel-macos-arm64 | 2.0.2 | 1.00 | 18.00 | 19.00 | OK | |
| r-oldrel-macos-x86_64 | 2.0.2 | 3.00 | 26.00 | 29.00 | OK | |
| r-oldrel-windows-x86_64 | 2.0.2 | 7.00 | 56.00 | 63.00 | OK |
Version: 2.0.2
Check: CRAN incoming feasibility
Result: NOTE
Maintainer: ‘Frédéric Santos <frederic.santos@u-bordeaux.fr>’
No Authors@R field in DESCRIPTION.
Please add one, modifying
Authors@R: person(given = "Frédéric",
family = "Santos",
role = c("aut", "cre"),
email = "frederic.santos@u-bordeaux.fr")
as necessary.
Flavors: r-devel-linux-x86_64-debian-clang, r-devel-linux-x86_64-debian-gcc
These binaries (installable software) and packages are in development.
They may not be fully stable and should be used with caution. We make no claims about them.