Last updated on 2025-05-01 14:49:13 CEST.
Flavor | Version | Tinstall | Tcheck | Ttotal | Status | Flags |
---|---|---|---|---|---|---|
r-devel-linux-x86_64-debian-clang | 1.0 | 12.34 | 87.32 | 99.66 | NOTE | |
r-devel-linux-x86_64-debian-gcc | 1.0 | 7.64 | 63.79 | 71.43 | NOTE | |
r-devel-linux-x86_64-fedora-clang | 1.0 | 152.98 | NOTE | |||
r-devel-linux-x86_64-fedora-gcc | 1.0 | 150.92 | NOTE | |||
r-devel-windows-x86_64 | 1.0 | 13.00 | 119.00 | 132.00 | NOTE | |
r-patched-linux-x86_64 | 1.0 | 10.77 | 83.33 | 94.10 | NOTE | |
r-release-linux-x86_64 | NOTE | |||||
r-release-macos-arm64 | 1.0 | 60.00 | NOTE | |||
r-release-macos-x86_64 | 1.0 | 124.00 | NOTE | |||
r-release-windows-x86_64 | 1.0 | 13.00 | 122.00 | 135.00 | NOTE | |
r-oldrel-macos-arm64 | 1.0 | 53.00 | NOTE | |||
r-oldrel-macos-x86_64 | 1.0 | 94.00 | NOTE | |||
r-oldrel-windows-x86_64 | 1.0 | 15.00 | 143.00 | 158.00 | NOTE |
Version: 1.0
Check: Rd files
Result: NOTE
checkRd: (-1) get.fit.Rd:46: Lost braces in \itemize; meant \describe ?
checkRd: (-1) get.fit.Rd:47: Lost braces in \itemize; meant \describe ?
checkRd: (-1) get.fit.Rd:48-49: Lost braces in \itemize; meant \describe ?
checkRd: (-1) get.fit.Rd:50-51: Lost braces in \itemize; meant \describe ?
checkRd: (-1) get.fit.Rd:52-54: Lost braces in \itemize; meant \describe ?
checkRd: (-1) get.fit.Rd:55: Lost braces in \itemize; meant \describe ?
checkRd: (-1) get.fit.Rd:56: Lost braces in \itemize; meant \describe ?
checkRd: (-1) get.fit.Rd:57-60: Lost braces in \itemize; meant \describe ?
checkRd: (-1) get.fit.Rd:61-62: Lost braces in \itemize; meant \describe ?
checkRd: (-1) get.fit.Rd:63-64: Lost braces in \itemize; meant \describe ?
checkRd: (-1) get.fit.Rd:70: Lost braces in \itemize; \value handles \item{}{} directly
checkRd: (-1) get.fit.Rd:71: Lost braces in \itemize; \value handles \item{}{} directly
checkRd: (-1) get.fit.Rd:72: Lost braces in \itemize; \value handles \item{}{} directly
checkRd: (-1) get.fit.Rd:73: Lost braces in \itemize; \value handles \item{}{} directly
checkRd: (-1) get.fit.Rd:74: Lost braces in \itemize; \value handles \item{}{} directly
checkRd: (-1) get.fit.Rd:75: Lost braces in \itemize; \value handles \item{}{} directly
checkRd: (-1) get.fit.Rd:76: Lost braces in \itemize; \value handles \item{}{} directly
checkRd: (-1) get.fit.Rd:77: Lost braces in \itemize; \value handles \item{}{} directly
checkRd: (-1) get.fit.Rd:78: Lost braces in \itemize; \value handles \item{}{} directly
checkRd: (-1) get.fit.Rd:79: Lost braces in \itemize; \value handles \item{}{} directly
checkRd: (-1) get.fit.Rd:80: Lost braces in \itemize; \value handles \item{}{} directly
checkRd: (-1) get.sim.trajectories.Rd:66: Lost braces in \itemize; \value handles \item{}{} directly
checkRd: (-1) get.sim.trajectories.Rd:67: Lost braces in \itemize; \value handles \item{}{} directly
Flavors: r-devel-linux-x86_64-debian-clang, r-devel-linux-x86_64-debian-gcc, r-devel-linux-x86_64-fedora-clang, r-devel-linux-x86_64-fedora-gcc, r-devel-windows-x86_64, r-patched-linux-x86_64, r-release-linux-x86_64, r-release-macos-arm64, r-release-macos-x86_64, r-release-windows-x86_64, r-oldrel-macos-arm64, r-oldrel-macos-x86_64, r-oldrel-windows-x86_64
Version: 1.0
Check: examples
Result: NOTE
Examples with CPU (user + system) or elapsed time > 5s
user system elapsed
get.cdn 0.640 0.018 6.642
get.sMoments 0.350 0.235 6.020
get.sMoments.avg 0.372 0.007 6.364
get.fit 0.346 0.009 6.570
Flavor: r-devel-linux-x86_64-debian-clang
Version: 1.0
Check: examples
Result: NA
user system elapsed
get.cdn 0.449 0.013 5.069
get.sMoments.avg 0.257 0.004 5.055
OK
Flavor: r-devel-linux-x86_64-debian-gcc
These binaries (installable software) and packages are in development.
They may not be fully stable and should be used with caution. We make no claims about them.