CRAN Package Check Results for Package Keyboard

Last updated on 2025-07-02 01:51:41 CEST.

Flavor Version Tinstall Tcheck Ttotal Status Flags
r-devel-linux-x86_64-debian-clang 0.1.3 8.59 68.62 77.21 NOTE
r-devel-linux-x86_64-debian-gcc 0.1.3 6.53 47.92 54.45 NOTE
r-devel-linux-x86_64-fedora-clang 0.1.3 122.47 OK
r-devel-linux-x86_64-fedora-gcc 0.1.3 108.85 OK
r-devel-windows-x86_64 0.1.3 10.00 79.00 89.00 OK
r-patched-linux-x86_64 OK
r-release-linux-x86_64 0.1.3 8.37 63.19 71.56 OK
r-release-macos-arm64 0.1.3 40.00 OK
r-release-macos-x86_64 0.1.3 58.00 OK
r-release-windows-x86_64 0.1.3 9.00 80.00 89.00 OK
r-oldrel-macos-arm64 0.1.3 31.00 OK
r-oldrel-macos-x86_64 0.1.3 49.00 OK
r-oldrel-windows-x86_64 0.1.3 13.00 98.00 111.00 OK

Check Details

Version: 0.1.3
Check: CRAN incoming feasibility
Result: NOTE Maintainer: ‘Xiaomeng Yuan <xiaomeng.yuan@stjude.org>’ No Authors@R field in DESCRIPTION. Please add one, modifying Authors@R: c(person(given = "Xiaomeng", family = "Yuan", role = c("aut", "cre"), email = "xiaomeng.yuan@stjude.org"), person(given = "Chen", family = "Li", role = "aut"), person(given = "Hongying", family = "Sun", role = "aut"), person(given = "Li", family = "Tang", role = "aut"), person(given = "Haitao", family = "Pan", role = "aut")) as necessary. Flavors: r-devel-linux-x86_64-debian-clang, r-devel-linux-x86_64-debian-gcc

These binaries (installable software) and packages are in development.
They may not be fully stable and should be used with caution. We make no claims about them.