Last updated on 2025-05-02 04:49:38 CEST.
Flavor | Version | Tinstall | Tcheck | Ttotal | Status | Flags |
---|---|---|---|---|---|---|
r-devel-linux-x86_64-debian-clang | 0.1.3 | 7.93 | 69.48 | 77.41 | NOTE | |
r-devel-linux-x86_64-debian-gcc | 0.1.3 | 5.39 | 46.12 | 51.51 | NOTE | |
r-devel-linux-x86_64-fedora-clang | 0.1.3 | 116.04 | OK | |||
r-devel-linux-x86_64-fedora-gcc | 0.1.3 | 103.93 | OK | |||
r-devel-windows-x86_64 | 0.1.3 | 10.00 | 83.00 | 93.00 | OK | |
r-patched-linux-x86_64 | 0.1.3 | 9.19 | 63.78 | 72.97 | OK | |
r-release-linux-x86_64 | OK | |||||
r-release-macos-arm64 | 0.1.3 | 40.00 | OK | |||
r-release-macos-x86_64 | 0.1.3 | 58.00 | OK | |||
r-release-windows-x86_64 | 0.1.3 | 10.00 | 81.00 | 91.00 | OK | |
r-oldrel-macos-arm64 | 0.1.3 | 31.00 | OK | |||
r-oldrel-macos-x86_64 | 0.1.3 | 49.00 | OK | |||
r-oldrel-windows-x86_64 | 0.1.3 | 12.00 | 96.00 | 108.00 | OK |
Version: 0.1.3
Check: CRAN incoming feasibility
Result: NOTE
Maintainer: ‘Xiaomeng Yuan <xiaomeng.yuan@stjude.org>’
No Authors@R field in DESCRIPTION.
Please add one, modifying
Authors@R: c(person(given = "Xiaomeng",
family = "Yuan",
role = c("aut", "cre"),
email = "xiaomeng.yuan@stjude.org"),
person(given = "Chen",
family = "Li",
role = "aut"),
person(given = "Hongying",
family = "Sun",
role = "aut"),
person(given = "Li",
family = "Tang",
role = "aut"),
person(given = "Haitao",
family = "Pan",
role = "aut"))
as necessary.
Flavors: r-devel-linux-x86_64-debian-clang, r-devel-linux-x86_64-debian-gcc
Version: 0.1.3
Check: examples
Result: NOTE
Examples with CPU (user + system) or elapsed time > 5s
user system elapsed
decision.finding 4.017 0.111 5.132
Flavor: r-devel-linux-x86_64-debian-clang
These binaries (installable software) and packages are in development.
They may not be fully stable and should be used with caution. We make no claims about them.