Last updated on 2025-05-01 14:49:13 CEST.
Flavor | Version | Tinstall | Tcheck | Ttotal | Status | Flags |
---|---|---|---|---|---|---|
r-devel-linux-x86_64-debian-clang | 2.1.1 | 13.96 | 121.10 | 135.06 | NOTE | |
r-devel-linux-x86_64-debian-gcc | 2.1.1 | 9.10 | 82.02 | 91.12 | OK | |
r-devel-linux-x86_64-fedora-clang | 2.1.1 | 219.21 | OK | |||
r-devel-linux-x86_64-fedora-gcc | 2.1.1 | 214.48 | OK | |||
r-devel-windows-x86_64 | 2.1.1 | 14.00 | 128.00 | 142.00 | OK | |
r-patched-linux-x86_64 | 2.1.1 | 13.97 | 113.80 | 127.77 | OK | |
r-release-linux-x86_64 | OK | |||||
r-release-macos-arm64 | 2.1.1 | 51.00 | OK | |||
r-release-macos-x86_64 | 2.1.1 | 150.00 | OK | |||
r-release-windows-x86_64 | 2.1.1 | 15.00 | 143.00 | 158.00 | OK | |
r-oldrel-macos-arm64 | 2.1.1 | 54.00 | OK | |||
r-oldrel-macos-x86_64 | 2.1.1 | 98.00 | OK | |||
r-oldrel-windows-x86_64 | 2.1.1 | 18.00 | 161.00 | 179.00 | OK |
Version: 2.1.1
Check: examples
Result: NOTE
Examples with CPU (user + system) or elapsed time > 5s
user system elapsed
loop.rpt.IBD 6.836 0.097 7.971
mixMLX 6.694 0.089 8.793
Flavor: r-devel-linux-x86_64-debian-clang
Version: 2.1.1
Check: examples
Result: NA
user system elapsed
loop.rpt.IBD 4.466 0.141 5.563
OK
Flavor: r-devel-linux-x86_64-debian-gcc
These binaries (installable software) and packages are in development.
They may not be fully stable and should be used with caution. We make no claims about them.