Last updated on 2025-05-01 12:49:31 CEST.
Flavor | Version | Tinstall | Tcheck | Ttotal | Status | Flags |
---|---|---|---|---|---|---|
r-devel-linux-x86_64-debian-clang | 2.2.0 | 11.21 | 81.32 | 92.53 | NOTE | |
r-devel-linux-x86_64-debian-gcc | 2.2.0 | 8.46 | 58.21 | 66.67 | NOTE | |
r-devel-linux-x86_64-fedora-clang | 2.2.0 | 139.27 | OK | |||
r-devel-linux-x86_64-fedora-gcc | 2.2.0 | 124.74 | OK | |||
r-devel-windows-x86_64 | 2.2.0 | 12.00 | 87.00 | 99.00 | OK | |
r-patched-linux-x86_64 | 2.2.0 | 10.14 | 77.36 | 87.50 | OK | |
r-release-linux-x86_64 | OK | |||||
r-release-macos-arm64 | 2.2.0 | 49.00 | OK | |||
r-release-macos-x86_64 | 2.2.0 | 78.00 | OK | |||
r-release-windows-x86_64 | 2.2.0 | 13.00 | 88.00 | 101.00 | OK | |
r-oldrel-macos-arm64 | 2.2.0 | 36.00 | OK | |||
r-oldrel-macos-x86_64 | 2.2.0 | 53.00 | OK | |||
r-oldrel-windows-x86_64 | 2.2.0 | 15.00 | 108.00 | 123.00 | OK |
Version: 2.2.0
Check: CRAN incoming feasibility
Result: NOTE
Maintainer: ‘Antoine Godichon-Baggioni <antoine.godichon_baggioni@upmc.fr>’
The Description field contains
K-medians" <arXiv:2209.03597> Vardi, Y. and Zhang, C.-H. (2000). "The
Please refer to arXiv e-prints via their arXiv DOI <doi:10.48550/arXiv.YYMM.NNNNN>.
Flavors: r-devel-linux-x86_64-debian-clang, r-devel-linux-x86_64-debian-gcc
These binaries (installable software) and packages are in development.
They may not be fully stable and should be used with caution. We make no claims about them.