Last updated on 2025-02-02 14:48:25 CET.
Flavor | Version | Tinstall | Tcheck | Ttotal | Status | Flags |
---|---|---|---|---|---|---|
r-devel-linux-x86_64-debian-clang | 1.0.0 | 1.70 | 24.63 | 26.33 | OK | |
r-devel-linux-x86_64-debian-gcc | 1.0.0 | 1.34 | 20.15 | 21.49 | OK | |
r-devel-linux-x86_64-fedora-clang | 1.0.0 | 43.86 | OK | |||
r-devel-linux-x86_64-fedora-gcc | 1.0.0 | 54.10 | OK | |||
r-devel-windows-x86_64 | 1.0.0 | 5.00 | 48.00 | 53.00 | OK | |
r-patched-linux-x86_64 | 1.0.0 | 1.72 | 23.38 | 25.10 | NOTE | |
r-release-linux-x86_64 | 1.0.0 | 1.33 | 23.63 | 24.96 | NOTE | |
r-release-macos-arm64 | 1.0.0 | 23.00 | NOTE | |||
r-release-macos-x86_64 | 1.0.0 | 34.00 | NOTE | |||
r-release-windows-x86_64 | 1.0.0 | 3.00 | 47.00 | 50.00 | NOTE | |
r-oldrel-macos-arm64 | 1.0.0 | 23.00 | NOTE | |||
r-oldrel-macos-x86_64 | 1.0.0 | 31.00 | NOTE | |||
r-oldrel-windows-x86_64 | 1.0.0 | 4.00 | 46.00 | 50.00 | NOTE |
Version: 1.0.0
Check: LazyData
Result: NOTE
'LazyData' is specified without a 'data' directory
Flavors: r-patched-linux-x86_64, r-release-linux-x86_64, r-release-macos-arm64, r-release-macos-x86_64, r-release-windows-x86_64, r-oldrel-macos-arm64, r-oldrel-macos-x86_64, r-oldrel-windows-x86_64
These binaries (installable software) and packages are in development.
They may not be fully stable and should be used with caution. We make no claims about them.