CRAN Package Check Results for Package KrakenR

Last updated on 2025-05-01 12:49:32 CEST.

Flavor Version Tinstall Tcheck Ttotal Status Flags
r-devel-linux-x86_64-debian-clang 1.0.0 5.59 68.52 74.11 NOTE
r-devel-linux-x86_64-debian-gcc 1.0.0 4.14 46.24 50.38 OK
r-devel-linux-x86_64-fedora-clang 1.0.0 110.58 OK
r-devel-linux-x86_64-fedora-gcc 1.0.0 117.42 OK
r-devel-windows-x86_64 1.0.0 7.00 86.00 93.00 OK
r-patched-linux-x86_64 1.0.0 5.45 65.93 71.38 OK
r-release-linux-x86_64 OK
r-release-macos-arm64 1.0.0 94.00 OK
r-release-macos-x86_64 1.0.0 119.00 OK
r-release-windows-x86_64 1.0.0 8.00 85.00 93.00 OK
r-oldrel-macos-arm64 1.0.0 83.00 OK
r-oldrel-macos-x86_64 1.0.0 126.00 OK
r-oldrel-windows-x86_64 1.0.0 10.00 103.00 113.00 OK

Check Details

Version: 1.0.0
Check: examples
Result: NOTE Examples with CPU (user + system) or elapsed time > 5s user system elapsed getPairs 4.083 0.168 5.83 Flavor: r-devel-linux-x86_64-debian-clang

These binaries (installable software) and packages are in development.
They may not be fully stable and should be used with caution. We make no claims about them.