CRAN Package Check Results for Package KraljicMatrix

Last updated on 2025-05-08 04:52:08 CEST.

Flavor Version Tinstall Tcheck Ttotal Status Flags
r-devel-linux-x86_64-debian-clang 0.2.1 5.62 56.65 62.27 OK
r-devel-linux-x86_64-debian-gcc 0.2.1 4.32 41.37 45.69 OK
r-devel-linux-x86_64-fedora-clang 0.2.1 91.15 NOTE
r-devel-linux-x86_64-fedora-gcc 0.2.1 117.16 NOTE
r-devel-windows-x86_64 0.2.1 6.00 74.00 80.00 OK
r-patched-linux-x86_64 0.2.1 5.43 53.06 58.49 OK
r-release-linux-x86_64 0.2.1 4.75 53.67 58.42 OK
r-release-macos-arm64 0.2.1 48.00 OK
r-release-macos-x86_64 0.2.1 79.00 OK
r-release-windows-x86_64 0.2.1 8.00 73.00 81.00 OK
r-oldrel-macos-arm64 0.2.1 32.00 OK
r-oldrel-macos-x86_64 0.2.1 54.00 OK
r-oldrel-windows-x86_64 0.2.1 9.00 86.00 95.00 OK

Check Details

Version: 0.2.1
Check: dependencies in R code
Result: NOTE Namespaces in Imports field not imported from: ‘dplyr’ ‘tibble’ All declared Imports should be used. Flavors: r-devel-linux-x86_64-fedora-clang, r-devel-linux-x86_64-fedora-gcc

These binaries (installable software) and packages are in development.
They may not be fully stable and should be used with caution. We make no claims about them.