Last updated on 2025-10-23 23:49:34 CEST.
| Flavor | Version | Tinstall | Tcheck | Ttotal | Status | Flags |
|---|---|---|---|---|---|---|
| r-devel-linux-x86_64-debian-clang | 2.0 | 9.15 | 132.04 | 141.19 | NOTE | |
| r-devel-linux-x86_64-debian-gcc | 2.0 | 6.74 | 95.32 | 102.06 | NOTE | |
| r-devel-linux-x86_64-fedora-clang | 2.0 | 17.00 | 195.86 | 212.86 | NOTE | |
| r-devel-linux-x86_64-fedora-gcc | 2.0 | 19.00 | 203.68 | 222.68 | NOTE | |
| r-devel-windows-x86_64 | 2.0 | 10.00 | 184.00 | 194.00 | OK | |
| r-patched-linux-x86_64 | 2.0 | 9.95 | 127.42 | 137.37 | OK | |
| r-release-linux-x86_64 | 2.0 | 8.68 | 127.11 | 135.79 | OK | |
| r-release-macos-arm64 | 2.0 | 5.00 | 79.00 | 84.00 | OK | |
| r-release-macos-x86_64 | 2.0 | 8.00 | 135.00 | 143.00 | OK | |
| r-release-windows-x86_64 | 2.0 | 10.00 | 183.00 | 193.00 | OK | |
| r-oldrel-macos-arm64 | 2.0 | 4.00 | 65.00 | 69.00 | OK | |
| r-oldrel-macos-x86_64 | 2.0 | 7.00 | 96.00 | 103.00 | OK | |
| r-oldrel-windows-x86_64 | 2.0 | 13.00 | 204.00 | 217.00 | OK |
Version: 2.0
Check: CRAN incoming feasibility
Result: NOTE
Maintainer: ‘Jocelyn Chi <jocetchi@gmail.com>’
Package CITATION file contains call(s) to old-style citEntry(). Please
use bibentry() instead.
Flavors: r-devel-linux-x86_64-debian-clang, r-devel-linux-x86_64-debian-gcc
Version: 2.0
Check: HTML version of manual
Result: NOTE
Found the following HTML validation problems:
l2e_regression_TF_dist.html:93:1 (l2e_regression_TF_dist.Rd:39): Warning: missing </ul> before </div>
l2e_regression_TF_lasso.html:88:1 (l2e_regression_TF_lasso.Rd:36): Warning: missing </ul> before </div>
l2e_regression_sparse_dist.html:98:1 (l2e_regression_sparse_dist.Rd:42): Warning: missing </ul> before </div>
l2e_regression_sparse_ncv.html:88:1 (l2e_regression_sparse_ncv.Rd:36): Warning: missing </ul> before </div>
Flavor: r-devel-linux-x86_64-debian-clang
Version: 2.0
Check: dependencies in R code
Result: NOTE
Namespace in Imports field not imported from: ‘robustbase’
All declared Imports should be used.
Flavors: r-devel-linux-x86_64-fedora-clang, r-devel-linux-x86_64-fedora-gcc
These binaries (installable software) and packages are in development.
They may not be fully stable and should be used with caution. We make no claims about them.