CRAN Package Check Results for Package LAGOSNE

Last updated on 2025-05-08 04:52:08 CEST.

Flavor Version Tinstall Tcheck Ttotal Status Flags
r-devel-linux-x86_64-debian-clang 2.0.3 7.43 76.28 83.71 NOTE
r-devel-linux-x86_64-debian-gcc 2.0.3 5.80 54.77 60.57 NOTE
r-devel-linux-x86_64-fedora-clang 2.0.3 131.09 NOTE
r-devel-linux-x86_64-fedora-gcc 2.0.3 145.27 NOTE
r-devel-windows-x86_64 2.0.3 10.00 95.00 105.00 NOTE
r-patched-linux-x86_64 2.0.3 7.45 66.94 74.39 NOTE
r-release-linux-x86_64 2.0.3 6.53 68.16 74.69 NOTE
r-release-macos-arm64 2.0.3 41.00 NOTE
r-release-macos-x86_64 2.0.3 82.00 NOTE
r-release-windows-x86_64 2.0.3 10.00 92.00 102.00 NOTE
r-oldrel-macos-arm64 2.0.3 41.00 NOTE
r-oldrel-macos-x86_64 2.0.3 81.00 NOTE
r-oldrel-windows-x86_64 2.0.3 13.00 109.00 122.00 NOTE

Check Details

Version: 2.0.3
Check: Rd files
Result: NOTE checkRd: (-1) conn.Rd:300: Lost braces 300 | Soranno et al. (2017) \doi{10.1093/gigascience/gix101}{Gigascience 6:12} | ^ checkRd: (-1) lakes_limno.Rd:36: Lost braces 36 | Soranno et al. (2017) \doi{10.1093/gigascience/gix101}{Gigascience 6:12} | ^ Flavors: r-devel-linux-x86_64-debian-clang, r-devel-linux-x86_64-debian-gcc, r-devel-linux-x86_64-fedora-clang, r-devel-linux-x86_64-fedora-gcc, r-devel-windows-x86_64, r-patched-linux-x86_64, r-release-linux-x86_64, r-release-macos-arm64, r-release-macos-x86_64, r-release-windows-x86_64, r-oldrel-macos-arm64, r-oldrel-macos-x86_64, r-oldrel-windows-x86_64

These binaries (installable software) and packages are in development.
They may not be fully stable and should be used with caution. We make no claims about them.