Last updated on 2025-10-03 21:48:38 CEST.
Flavor | Version | Tinstall | Tcheck | Ttotal | Status | Flags |
---|---|---|---|---|---|---|
r-devel-linux-x86_64-debian-clang | 0.7-22 | 40.14 | 47.38 | 87.52 | NOTE | |
r-devel-linux-x86_64-debian-gcc | 0.7-22 | 25.70 | 34.52 | 60.22 | NOTE | |
r-devel-linux-x86_64-fedora-clang | 0.7-22 | 144.26 | OK | |||
r-devel-linux-x86_64-fedora-gcc | 0.7-22 | 139.89 | OK | |||
r-devel-windows-x86_64 | 0.7-22 | 51.00 | 88.00 | 139.00 | OK | |
r-patched-linux-x86_64 | 0.7-22 | 38.86 | 44.29 | 83.15 | OK | |
r-release-linux-x86_64 | 0.7-22 | 39.14 | 43.39 | 82.53 | OK | |
r-release-macos-arm64 | 0.7-22 | 41.00 | OK | |||
r-release-macos-x86_64 | 0.7-22 | 65.00 | OK | |||
r-release-windows-x86_64 | 0.7-22 | 51.00 | 87.00 | 138.00 | OK | |
r-oldrel-macos-arm64 | 0.7-22 | 40.00 | OK | |||
r-oldrel-macos-x86_64 | 0.7-22 | 81.00 | OK | |||
r-oldrel-windows-x86_64 | 0.7-22 | 56.00 | 103.00 | 159.00 | OK |
Version: 0.7-22
Check: CRAN incoming feasibility
Result: NOTE
Maintainer: ‘Alexander Robitzsch <robitzsch@ipn.uni-kiel.de>’
No Authors@R field in DESCRIPTION.
Please add one, modifying
Authors@R: person(given = "Alexander",
family = "Robitzsch",
role = c("aut", "cre"),
email = "robitzsch@ipn.uni-kiel.de")
as necessary.
Flavors: r-devel-linux-x86_64-debian-clang, r-devel-linux-x86_64-debian-gcc
These binaries (installable software) and packages are in development.
They may not be fully stable and should be used with caution. We make no claims about them.