Last updated on 2025-07-10 09:48:37 CEST.
Flavor | Version | Tinstall | Tcheck | Ttotal | Status | Flags |
---|---|---|---|---|---|---|
r-devel-linux-x86_64-debian-clang | 0.7-22 | 39.89 | 46.10 | 85.99 | NOTE | |
r-devel-linux-x86_64-debian-gcc | 0.7-22 | 28.97 | 34.78 | 63.75 | NOTE | |
r-devel-linux-x86_64-fedora-clang | 0.7-22 | 144.99 | OK | |||
r-devel-linux-x86_64-fedora-gcc | 0.7-22 | 133.63 | OK | |||
r-devel-windows-x86_64 | 0.7-22 | 45.00 | 84.00 | 129.00 | OK | |
r-patched-linux-x86_64 | 0.7-22 | 42.33 | 42.44 | 84.77 | OK | |
r-release-linux-x86_64 | 0.7-22 | 39.57 | 42.39 | 81.96 | OK | |
r-release-macos-arm64 | 0.7-22 | 41.00 | OK | |||
r-release-macos-x86_64 | 0.7-22 | 65.00 | OK | |||
r-release-windows-x86_64 | 0.7-22 | 46.00 | 89.00 | 135.00 | OK | |
r-oldrel-macos-arm64 | 0.7-22 | 40.00 | OK | |||
r-oldrel-macos-x86_64 | 0.7-22 | 81.00 | OK | |||
r-oldrel-windows-x86_64 | 0.7-22 | 55.00 | 102.00 | 157.00 | OK |
Version: 0.7-22
Check: CRAN incoming feasibility
Result: NOTE
Maintainer: ‘Alexander Robitzsch <robitzsch@ipn.uni-kiel.de>’
No Authors@R field in DESCRIPTION.
Please add one, modifying
Authors@R: person(given = "Alexander",
family = "Robitzsch",
role = c("aut", "cre"),
email = "robitzsch@ipn.uni-kiel.de")
as necessary.
Flavors: r-devel-linux-x86_64-debian-clang, r-devel-linux-x86_64-debian-gcc
These binaries (installable software) and packages are in development.
They may not be fully stable and should be used with caution. We make no claims about them.