Last updated on 2025-05-01 17:56:07 CEST.
Flavor | Version | Tinstall | Tcheck | Ttotal | Status | Flags |
---|---|---|---|---|---|---|
r-devel-linux-x86_64-debian-clang | 1.3 | 14.14 | 148.42 | 162.56 | NOTE | |
r-devel-linux-x86_64-debian-gcc | 1.3 | 10.76 | 97.77 | 108.53 | NOTE | |
r-devel-linux-x86_64-fedora-clang | 1.3 | 246.61 | OK | |||
r-devel-linux-x86_64-fedora-gcc | 1.3 | 225.66 | OK | |||
r-devel-windows-x86_64 | 1.3 | 16.00 | 151.00 | 167.00 | OK | |
r-patched-linux-x86_64 | 1.3 | 14.79 | 136.81 | 151.60 | OK | |
r-release-linux-x86_64 | OK | |||||
r-release-macos-arm64 | 1.3 | 62.00 | OK | |||
r-release-macos-x86_64 | 1.3 | 120.00 | OK | |||
r-release-windows-x86_64 | 1.3 | 15.00 | 161.00 | 176.00 | OK | |
r-oldrel-macos-arm64 | 1.3 | 60.00 | OK | |||
r-oldrel-macos-x86_64 | 1.3 | 88.00 | OK | |||
r-oldrel-windows-x86_64 | 1.3 | 20.00 | 185.00 | 205.00 | OK |
Version: 1.3
Check: CRAN incoming feasibility
Result: NOTE
Maintainer: ‘Alexandre BUREAU <alexandre.bureau@msp.ulaval.ca>’
No Authors@R field in DESCRIPTION.
Please add one, modifying
Authors@R: c(person(given = "Arafat",
family = "TAYEB",
role = "aut",
email = "arafat.tayeb@ircm.qc.ca"),
person(given = "Alexandre",
family = "BUREAU",
role = c("aut", "cre"),
email = "alexandre.bureau@msp.ulaval.ca"),
person(given = "Aurelie",
family = "Labbe",
role = "aut",
email = "aurelie.labbe@mcgill.ca"))
as necessary.
Flavors: r-devel-linux-x86_64-debian-clang, r-devel-linux-x86_64-debian-gcc
Version: 1.3
Check: examples
Result: NOTE
Examples with CPU (user + system) or elapsed time > 5s
user system elapsed
model.select 6.594 0.120 10.113
lca.model 5.950 0.163 8.154
Flavor: r-devel-linux-x86_64-debian-clang
Version: 1.3
Check: examples
Result: NA
user system elapsed
model.select 3.651 0.13 5.012
OK
Flavor: r-devel-linux-x86_64-debian-gcc
These binaries (installable software) and packages are in development.
They may not be fully stable and should be used with caution. We make no claims about them.