Last updated on 2025-05-08 04:52:09 CEST.
Flavor | Version | Tinstall | Tcheck | Ttotal | Status | Flags |
---|---|---|---|---|---|---|
r-devel-linux-x86_64-debian-clang | 0.3.0 | 10.24 | 142.36 | 152.60 | NOTE | |
r-devel-linux-x86_64-debian-gcc | 0.3.0 | 6.81 | 101.86 | 108.67 | NOTE | |
r-devel-linux-x86_64-fedora-clang | 0.3.0 | 249.22 | NOTE | |||
r-devel-linux-x86_64-fedora-gcc | 0.3.0 | 254.55 | NOTE | |||
r-devel-windows-x86_64 | 0.3.0 | 12.00 | 175.00 | 187.00 | NOTE | |
r-patched-linux-x86_64 | 0.3.0 | 12.22 | 131.45 | 143.67 | NOTE | |
r-release-linux-x86_64 | 0.3.0 | 9.65 | 132.46 | 142.11 | NOTE | |
r-release-macos-arm64 | 0.3.0 | 68.00 | NOTE | |||
r-release-macos-x86_64 | 0.3.0 | 144.00 | NOTE | |||
r-release-windows-x86_64 | 0.3.0 | 14.00 | 174.00 | 188.00 | NOTE | |
r-oldrel-macos-arm64 | 0.3.0 | 73.00 | NOTE | |||
r-oldrel-macos-x86_64 | 0.3.0 | 111.00 | NOTE | |||
r-oldrel-windows-x86_64 | 0.3.0 | 16.00 | 207.00 | 223.00 | NOTE |
Version: 0.3.0
Check: Rd files
Result: NOTE
checkRd: (-1) TS_diagnostics_plot.Rd:19: Lost braces
19 | \item{interactive}{\code{logical} input, should be code{TRUE} unless
| ^
checkRd: (-1) plot.TS_fit.Rd:29: Lost braces
29 | \item{interactive}{\code{logical} input, should be code{TRUE} unless
| ^
Flavors: r-devel-linux-x86_64-debian-clang, r-devel-linux-x86_64-debian-gcc, r-devel-linux-x86_64-fedora-clang, r-devel-linux-x86_64-fedora-gcc, r-devel-windows-x86_64, r-patched-linux-x86_64, r-release-linux-x86_64, r-release-macos-arm64, r-release-macos-x86_64, r-release-windows-x86_64, r-oldrel-macos-arm64, r-oldrel-macos-x86_64, r-oldrel-windows-x86_64
These binaries (installable software) and packages are in development.
They may not be fully stable and should be used with caution. We make no claims about them.