Last updated on 2025-10-23 17:50:52 CEST.
Flavor | Version | Tinstall | Tcheck | Ttotal | Status | Flags |
---|---|---|---|---|---|---|
r-devel-linux-x86_64-debian-clang | 0.3.2 | 2.11 | 27.64 | 29.75 | NOTE | |
r-devel-linux-x86_64-debian-gcc | 0.3.2 | 1.74 | 22.88 | 24.62 | OK | |
r-devel-linux-x86_64-fedora-clang | 0.3.2 | 42.64 | OK | |||
r-devel-linux-x86_64-fedora-gcc | 0.3.2 | 54.83 | OK | |||
r-devel-windows-x86_64 | 0.3.2 | 3.00 | 51.00 | 54.00 | OK | |
r-patched-linux-x86_64 | 0.3.2 | 2.24 | 24.90 | 27.14 | OK | |
r-release-linux-x86_64 | 0.3.2 | 2.05 | 25.05 | 27.10 | OK | |
r-release-macos-arm64 | 0.3.2 | 1.00 | 23.00 | 24.00 | OK | |
r-release-macos-x86_64 | 0.3.2 | 2.00 | 45.00 | 47.00 | OK | |
r-release-windows-x86_64 | 0.3.2 | 4.00 | 55.00 | 59.00 | OK | |
r-oldrel-macos-arm64 | 0.3.2 | 1.00 | 22.00 | 23.00 | OK | |
r-oldrel-macos-x86_64 | 0.3.2 | 2.00 | 33.00 | 35.00 | OK | |
r-oldrel-windows-x86_64 | 0.3.2 | 3.00 | 56.00 | 59.00 | OK |
Version: 0.3.2
Check: HTML version of manual
Result: NOTE
Found the following HTML validation problems:
jsPCA.html:48:1 (jsPCA.Rd:12): Warning: missing </ul> before </div>
runShiny.html:63:1 (runShiny.Rd:21): Warning: missing </ul> before </div>
Flavor: r-devel-linux-x86_64-debian-clang
These binaries (installable software) and packages are in development.
They may not be fully stable and should be used with caution. We make no claims about them.