Last updated on 2025-05-01 10:50:13 CEST.
Flavor | Version | Tinstall | Tcheck | Ttotal | Status | Flags |
---|---|---|---|---|---|---|
r-devel-linux-x86_64-debian-clang | 1.4.1 | 10.06 | 256.31 | 266.37 | NOTE | |
r-devel-linux-x86_64-debian-gcc | 1.4.1 | 7.48 | 174.61 | 182.09 | NOTE | |
r-devel-linux-x86_64-fedora-clang | 1.4.1 | 420.89 | OK | |||
r-devel-linux-x86_64-fedora-gcc | 1.4.1 | 416.97 | OK | |||
r-devel-windows-x86_64 | 1.4.1 | 12.00 | 231.00 | 243.00 | OK | |
r-patched-linux-x86_64 | 1.4.1 | 9.62 | 242.00 | 251.62 | OK | |
r-release-linux-x86_64 | OK | |||||
r-release-macos-arm64 | 1.4.1 | 114.00 | OK | |||
r-release-macos-x86_64 | 1.4.1 | 233.00 | OK | |||
r-release-windows-x86_64 | 1.4.1 | 11.00 | 233.00 | 244.00 | OK | |
r-oldrel-macos-arm64 | 1.4.1 | 115.00 | OK | |||
r-oldrel-macos-x86_64 | 1.4.1 | 190.00 | OK | |||
r-oldrel-windows-x86_64 | 1.4.1 | 15.00 | 327.00 | 342.00 | OK |
Version: 1.4.1
Check: CRAN incoming feasibility
Result: NOTE
Maintainer: ‘Alexia Jolicoeur-Martineau <alexia.jolicoeur-martineau@mail.mcgill.ca>’
No Authors@R field in DESCRIPTION.
Please add one, modifying
Authors@R: person(given = "Alexia",
family = "Jolicoeur-Martineau",
role = c("aut", "cre"),
email = "alexia.jolicoeur-martineau@mail.mcgill.ca")
as necessary.
The Description field contains
<arXiv:1703.08111>. This approach has greatly enhanced predictive power
are available <arXiv:1712.04058>. The software can now produce
Please refer to arXiv e-prints via their arXiv DOI <doi:10.48550/arXiv.YYMM.NNNNN>.
Flavors: r-devel-linux-x86_64-debian-clang, r-devel-linux-x86_64-debian-gcc
Version: 1.4.1
Check: examples
Result: NOTE
Examples with CPU (user + system) or elapsed time > 5s
user system elapsed
example_2way_lme4 5.481 0.143 7.589
Flavor: r-devel-linux-x86_64-debian-clang
These binaries (installable software) and packages are in development.
They may not be fully stable and should be used with caution. We make no claims about them.