CRAN Package Check Results for Package LEGIT

Last updated on 2025-07-25 11:49:58 CEST.

Flavor Version Tinstall Tcheck Ttotal Status Flags
r-devel-linux-x86_64-debian-clang 1.4.1 10.29 256.31 266.60 NOTE
r-devel-linux-x86_64-debian-gcc 1.4.1 6.56 167.64 174.20 NOTE
r-devel-linux-x86_64-fedora-clang 1.4.1 412.34 OK
r-devel-linux-x86_64-fedora-gcc 1.4.1 415.96 OK
r-devel-windows-x86_64 1.4.1 13.00 229.00 242.00 OK
r-patched-linux-x86_64 1.4.1 11.99 243.07 255.06 OK
r-release-linux-x86_64 1.4.1 10.19 242.26 252.45 OK
r-release-macos-arm64 1.4.1 114.00 OK
r-release-macos-x86_64 1.4.1 233.00 OK
r-release-windows-x86_64 1.4.1 11.00 226.00 237.00 OK
r-oldrel-macos-arm64 1.4.1 115.00 OK
r-oldrel-macos-x86_64 1.4.1 190.00 OK
r-oldrel-windows-x86_64 1.4.1 15.00 318.00 333.00 OK

Check Details

Version: 1.4.1
Check: CRAN incoming feasibility
Result: NOTE Maintainer: ‘Alexia Jolicoeur-Martineau <alexia.jolicoeur-martineau@mail.mcgill.ca>’ No Authors@R field in DESCRIPTION. Please add one, modifying Authors@R: person(given = "Alexia", family = "Jolicoeur-Martineau", role = c("aut", "cre"), email = "alexia.jolicoeur-martineau@mail.mcgill.ca") as necessary. The Description field contains <arXiv:1703.08111>. This approach has greatly enhanced predictive power are available <arXiv:1712.04058>. The software can now produce Please refer to arXiv e-prints via their arXiv DOI <doi:10.48550/arXiv.YYMM.NNNNN>. Flavors: r-devel-linux-x86_64-debian-clang, r-devel-linux-x86_64-debian-gcc

These binaries (installable software) and packages are in development.
They may not be fully stable and should be used with caution. We make no claims about them.