Last updated on 2025-11-11 15:50:37 CET.
| Flavor | Version | Tinstall | Tcheck | Ttotal | Status | Flags |
|---|---|---|---|---|---|---|
| r-devel-linux-x86_64-fedora-gcc | 1.0.4 | 25.00 | 156.85 | 181.85 | OK | |
| r-release-macos-arm64 | 1.0.4 | 4.00 | 43.00 | 47.00 | OK | |
| r-release-macos-x86_64 | 1.0.4 | 9.00 | 93.00 | 102.00 | OK | |
| r-oldrel-macos-arm64 | FAIL |
Version: 1.0.4
Check: tests
Result: FAIL
Flavor: r-oldrel-macos-arm64
These binaries (installable software) and packages are in development.
They may not be fully stable and should be used with caution. We make no claims about them.