Last updated on 2025-05-29 03:49:50 CEST.
Flavor | Version | Tinstall | Tcheck | Ttotal | Status | Flags |
---|---|---|---|---|---|---|
r-devel-linux-x86_64-debian-clang | 1.0 | 1.33 | 17.42 | 18.75 | NOTE | |
r-devel-linux-x86_64-debian-gcc | 1.0 | 1.20 | 14.55 | 15.75 | NOTE | |
r-devel-linux-x86_64-fedora-clang | 1.0 | 29.43 | OK | |||
r-devel-linux-x86_64-fedora-gcc | 1.0 | 30.36 | OK | |||
r-devel-windows-x86_64 | 1.0 | 3.00 | 41.00 | 44.00 | OK | |
r-patched-linux-x86_64 | 1.0 | 1.18 | 17.07 | 18.25 | OK | |
r-release-linux-x86_64 | 1.0 | 1.37 | 16.86 | 18.23 | OK | |
r-release-macos-arm64 | 1.0 | 14.00 | OK | |||
r-release-macos-x86_64 | 1.0 | 22.00 | OK | |||
r-release-windows-x86_64 | 1.0 | 2.00 | 41.00 | 43.00 | OK | |
r-oldrel-macos-arm64 | 1.0 | 15.00 | OK | |||
r-oldrel-macos-x86_64 | 1.0 | 20.00 | OK | |||
r-oldrel-windows-x86_64 | 1.0 | 2.00 | 42.00 | 44.00 | OK |
Version: 1.0
Check: CRAN incoming feasibility
Result: NOTE
Maintainer: ‘Ali Karimnezhad <ali.karimnezhad@gmail.com>’
No Authors@R field in DESCRIPTION.
Please add one, modifying
Authors@R: person(given = "Ali",
family = "Karimnezhad",
role = c("aut", "cre"),
email = "ali.karimnezhad@gmail.com")
as necessary.
Flavors: r-devel-linux-x86_64-debian-clang, r-devel-linux-x86_64-debian-gcc
These binaries (installable software) and packages are in development.
They may not be fully stable and should be used with caution. We make no claims about them.