CRAN Package Check Results for Package LGEWIS

Last updated on 2025-07-26 01:50:54 CEST.

Flavor Version Tinstall Tcheck Ttotal Status Flags
r-devel-linux-x86_64-debian-clang 1.1 8.15 60.92 69.07 NOTE
r-devel-linux-x86_64-debian-gcc 1.1 5.33 45.88 51.21 NOTE
r-devel-linux-x86_64-fedora-clang 1.1 109.81 OK
r-devel-linux-x86_64-fedora-gcc 1.1 99.51 OK
r-devel-windows-x86_64 1.1 8.00 72.00 80.00 OK
r-patched-linux-x86_64 1.1 8.02 57.45 65.47 OK
r-release-linux-x86_64 1.1 6.59 58.67 65.26 OK
r-release-macos-arm64 1.1 43.00 OK
r-release-macos-x86_64 1.1 69.00 OK
r-release-windows-x86_64 1.1 8.00 71.00 79.00 OK
r-oldrel-macos-arm64 1.1 34.00 OK
r-oldrel-macos-x86_64 1.1 48.00 OK
r-oldrel-windows-x86_64 1.1 11.00 86.00 97.00 OK

Check Details

Version: 1.1
Check: CRAN incoming feasibility
Result: NOTE Maintainer: ‘Zihuai He <zihuai@umich.edu>’ No Authors@R field in DESCRIPTION. Please add one, modifying Authors@R: c(person(given = "Zihuai", family = "He", role = c("aut", "cre"), email = "zihuai@umich.edu"), person(given = "Seunggeun", family = "Lee", role = "aut"), person(given = "Bhramar", family = "Mukherjee", role = "aut"), person(given = "Min", family = "Zhang", role = "aut")) as necessary. Flavors: r-devel-linux-x86_64-debian-clang, r-devel-linux-x86_64-debian-gcc

These binaries (installable software) and packages are in development.
They may not be fully stable and should be used with caution. We make no claims about them.