Last updated on 2024-07-27 15:50:22 CEST.
Flavor | Version | Tinstall | Tcheck | Ttotal | Status | Flags |
---|---|---|---|---|---|---|
r-devel-linux-x86_64-debian-clang | 2.1 | 12.38 | 26.28 | 38.66 | NOTE | |
r-devel-linux-x86_64-debian-gcc | 2.1 | NOTE | ||||
r-devel-linux-x86_64-fedora-clang | 2.1 | 51.58 | NOTE | |||
r-devel-linux-x86_64-fedora-gcc | 2.1 | 49.42 | NOTE | |||
r-devel-windows-x86_64 | 2.1 | 12.00 | 41.00 | 53.00 | NOTE | |
r-patched-linux-x86_64 | 2.1 | NOTE | ||||
r-release-linux-x86_64 | 2.1 | 11.60 | 24.95 | 36.55 | NOTE | |
r-release-macos-arm64 | 2.1 | 22.00 | NOTE | |||
r-release-macos-x86_64 | 2.1 | 30.00 | NOTE | |||
r-release-windows-x86_64 | 2.1 | 11.00 | 40.00 | 51.00 | NOTE | |
r-oldrel-macos-arm64 | 2.1 | 23.00 | NOTE | |||
r-oldrel-macos-x86_64 | 2.1 | 31.00 | NOTE | |||
r-oldrel-windows-x86_64 | 2.1 | 14.00 | 41.00 | 55.00 | NOTE |
Version: 2.1
Check: LazyData
Result: NOTE
'LazyData' is specified without a 'data' directory
Flavors: r-devel-linux-x86_64-debian-clang, r-devel-linux-x86_64-debian-gcc, r-devel-linux-x86_64-fedora-clang, r-devel-linux-x86_64-fedora-gcc, r-devel-windows-x86_64, r-patched-linux-x86_64, r-release-linux-x86_64, r-release-macos-arm64, r-release-macos-x86_64, r-release-windows-x86_64, r-oldrel-macos-arm64, r-oldrel-macos-x86_64, r-oldrel-windows-x86_64
These binaries (installable software) and packages are in development.
They may not be fully stable and should be used with caution. We make no claims about them.