Last updated on 2025-11-12 18:50:37 CET.
| Flavor | Version | Tinstall | Tcheck | Ttotal | Status | Flags |
|---|---|---|---|---|---|---|
| r-devel-linux-x86_64-debian-clang | 1.1.0 | 14.83 | 124.43 | 139.26 | OK | |
| r-devel-linux-x86_64-debian-gcc | 1.1.0 | 10.97 | 91.33 | 102.30 | OK | |
| r-devel-linux-x86_64-fedora-clang | 1.1.0 | 50.00 | 194.18 | 244.18 | OK | |
| r-devel-linux-x86_64-fedora-gcc | 1.1.0 | 70.00 | 153.50 | 223.50 | OK | |
| r-devel-windows-x86_64 | 1.1.0 | 16.00 | 124.00 | 140.00 | OK | |
| r-patched-linux-x86_64 | 1.1.0 | 14.58 | 119.03 | 133.61 | OK | |
| r-release-linux-x86_64 | 1.1.0 | 12.98 | 120.92 | 133.90 | OK | |
| r-release-macos-arm64 | 1.1.0 | 6.00 | 50.00 | 56.00 | OK | |
| r-release-macos-x86_64 | 1.1.0 | 13.00 | 107.00 | 120.00 | OK | |
| r-release-windows-x86_64 | 1.1.0 | 17.00 | 116.00 | 133.00 | OK | |
| r-oldrel-macos-arm64 | 1.1.0 | 7.00 | 54.00 | 61.00 | NOTE | |
| r-oldrel-macos-x86_64 | 1.1.0 | 16.00 | 77.00 | 93.00 | NOTE | |
| r-oldrel-windows-x86_64 | 1.1.0 | 19.00 | 152.00 | 171.00 | NOTE |
Version: 1.1.0
Check: LazyData
Result: NOTE
'LazyData' is specified without a 'data' directory
Flavors: r-oldrel-macos-arm64, r-oldrel-macos-x86_64, r-oldrel-windows-x86_64
These binaries (installable software) and packages are in development.
They may not be fully stable and should be used with caution. We make no claims about them.