Last updated on 2025-10-23 11:50:18 CEST.
Flavor | Version | Tinstall | Tcheck | Ttotal | Status | Flags |
---|---|---|---|---|---|---|
r-devel-linux-x86_64-debian-clang | 0.6.3 | 6.29 | 57.59 | 63.88 | NOTE | |
r-devel-linux-x86_64-debian-gcc | 0.6.3 | 4.23 | 42.63 | 46.86 | OK | |
r-devel-linux-x86_64-fedora-clang | 0.6.3 | 26.00 | 75.78 | 101.78 | OK | |
r-devel-linux-x86_64-fedora-gcc | 0.6.3 | 14.00 | 92.26 | 106.26 | OK | |
r-devel-windows-x86_64 | 0.6.3 | 8.00 | 74.00 | 82.00 | OK | |
r-patched-linux-x86_64 | 0.6.3 | 6.47 | 52.72 | 59.19 | OK | |
r-release-linux-x86_64 | 0.6.3 | 5.80 | 53.01 | 58.81 | OK | |
r-release-macos-arm64 | 0.6.3 | 3.00 | 37.00 | 40.00 | OK | |
r-release-macos-x86_64 | 0.6.3 | 6.00 | 85.00 | 91.00 | OK | |
r-release-windows-x86_64 | 0.6.3 | 12.00 | 92.00 | 104.00 | OK | |
r-oldrel-macos-arm64 | 0.6.3 | 3.00 | 43.00 | 46.00 | OK | |
r-oldrel-macos-x86_64 | 0.6.3 | 7.00 | 77.00 | 84.00 | OK | |
r-oldrel-windows-x86_64 | 0.6.3 | 15.00 | 92.00 | 107.00 | OK |
Version: 0.6.3
Check: HTML version of manual
Result: NOTE
Found the following HTML validation problems:
call_llm_par_structured.html:58:1 (call_llm_par_structured.Rd:16): Warning: missing </ul> before </div>
disable_structured_output.html:47:1 (disable_structured_output.Rd:10): Warning: missing </ul> before </div>
llm_fn_structured.html:91:1 (llm_fn_structured.Rd:38): Warning: missing </ul> before </div>
llm_validate_structured_col.html:59:1 (llm_validate_structured_col.Rd:18): Warning: missing </ul> before </div>
Flavor: r-devel-linux-x86_64-debian-clang
These binaries (installable software) and packages are in development.
They may not be fully stable and should be used with caution. We make no claims about them.