CRAN Package Check Results for Package LMERConvenienceFunctions

Last updated on 2025-02-07 10:49:23 CET.

Flavor Version Tinstall Tcheck Ttotal Status Flags
r-devel-linux-x86_64-debian-clang 3.0 13.89 93.09 106.98 NOTE
r-devel-linux-x86_64-debian-gcc 3.0 8.47 63.99 72.46 NOTE
r-devel-linux-x86_64-fedora-clang 3.0 173.88 NOTE
r-devel-linux-x86_64-fedora-gcc 3.0 159.64 NOTE
r-devel-windows-x86_64 3.0 15.00 99.00 114.00 NOTE
r-patched-linux-x86_64 3.0 12.12 86.44 98.56 NOTE
r-release-linux-x86_64 3.0 12.95 85.22 98.17 NOTE
r-release-macos-arm64 3.0 45.00 NOTE
r-release-macos-x86_64 3.0 90.00 NOTE
r-release-windows-x86_64 3.0 12.00 100.00 112.00 NOTE
r-oldrel-macos-arm64 3.0 58.00 OK
r-oldrel-macos-x86_64 3.0 93.00 OK
r-oldrel-windows-x86_64 3.0 17.00 124.00 141.00 OK

Check Details

Version: 3.0
Check: Rd files
Result: NOTE checkRd: (-1) relLik.Rd:16: Lost braces 16 | \item{AIC(x), BIC(x) }{The \code{AIC} or ]code{BIC} value of the first model object.} | ^ checkRd: (-1) relLik.Rd:17: Lost braces 17 | \item{AIC(y), BIC(y) }{The \code{AIC} or ]code{BIC} value of the second model object.} | ^ Flavors: r-devel-linux-x86_64-debian-clang, r-devel-linux-x86_64-debian-gcc, r-devel-linux-x86_64-fedora-clang, r-devel-linux-x86_64-fedora-gcc, r-devel-windows-x86_64, r-patched-linux-x86_64, r-release-linux-x86_64, r-release-macos-arm64, r-release-macos-x86_64, r-release-windows-x86_64

These binaries (installable software) and packages are in development.
They may not be fully stable and should be used with caution. We make no claims about them.