Last updated on 2025-11-12 12:53:14 CET.
| Flavor | Version | Tinstall | Tcheck | Ttotal | Status | Flags |
|---|---|---|---|---|---|---|
| r-devel-linux-x86_64-debian-clang | 0.2.1 | 348.67 | 453.50 | 802.17 | OK | |
| r-devel-linux-x86_64-debian-gcc | 0.2.1 | 332.67 | 273.32 | 605.99 | OK | |
| r-devel-linux-x86_64-fedora-clang | 0.2.1 | 2160.00 | -841.83 | 1318.17 | NOTE | |
| r-devel-linux-x86_64-fedora-gcc | 0.2.1 | 2160.00 | -629.68 | 1530.32 | NOTE | |
| r-devel-windows-x86_64 | 0.2.1 | 349.00 | 394.00 | 743.00 | OK | |
| r-patched-linux-x86_64 | 0.2.1 | 396.17 | 444.65 | 840.82 | OK | |
| r-release-linux-x86_64 | 0.2.1 | 399.13 | 450.01 | 849.14 | OK | |
| r-release-macos-arm64 | 0.2.1 | 126.00 | 77.00 | 203.00 | OK | |
| r-release-macos-x86_64 | 0.2.1 | 320.00 | 197.00 | 517.00 | OK | |
| r-release-windows-x86_64 | 0.2.1 | 330.00 | 409.00 | 739.00 | OK | |
| r-oldrel-macos-arm64 | 0.2.1 | 139.00 | 111.00 | 250.00 | NOTE | |
| r-oldrel-macos-x86_64 | 0.2.1 | 343.00 | 290.00 | 633.00 | NOTE | |
| r-oldrel-windows-x86_64 | 0.2.1 | 417.00 | 570.00 | 987.00 | NOTE |
Version: 0.2.1
Check: dependencies in R code
Result: NOTE
Namespaces in Imports field not imported from:
‘RcppParallel’ ‘rstantools’
All declared Imports should be used.
Flavors: r-devel-linux-x86_64-fedora-clang, r-devel-linux-x86_64-fedora-gcc
Version: 0.2.1
Check: installed package size
Result: NOTE
installed size is 99.6Mb
sub-directories of 1Mb or more:
libs 98.6Mb
Flavors: r-oldrel-macos-arm64, r-oldrel-macos-x86_64
Version: 0.2.1
Check: for GNU extensions in Makefiles
Result: NOTE
GNU make is a SystemRequirements.
Flavors: r-oldrel-macos-arm64, r-oldrel-macos-x86_64, r-oldrel-windows-x86_64
These binaries (installable software) and packages are in development.
They may not be fully stable and should be used with caution. We make no claims about them.