Last updated on 2025-02-16 10:50:49 CET.
Flavor | Version | Tinstall | Tcheck | Ttotal | Status | Flags |
---|---|---|---|---|---|---|
r-devel-linux-x86_64-debian-clang | 0.2.0 | 350.52 | 408.68 | 759.20 | OK | |
r-devel-linux-x86_64-debian-gcc | 0.2.0 | 318.80 | 247.26 | 566.06 | OK | |
r-devel-linux-x86_64-fedora-clang | 0.2.0 | 1190.86 | NOTE | |||
r-devel-linux-x86_64-fedora-gcc | 0.2.0 | 1451.66 | NOTE | |||
r-devel-macos-arm64 | 0.2.0 | 265.00 | OK | |||
r-devel-macos-x86_64 | 0.2.0 | 526.00 | OK | |||
r-devel-windows-x86_64 | 0.2.0 | 302.00 | 359.00 | 661.00 | OK | |
r-patched-linux-x86_64 | 0.2.0 | 388.63 | 414.94 | 803.57 | NOTE | |
r-release-linux-x86_64 | 0.2.0 | 399.93 | 428.20 | 828.13 | NOTE | |
r-release-macos-arm64 | 0.2.0 | 148.00 | NOTE | |||
r-release-macos-x86_64 | 0.2.0 | 247.00 | NOTE | |||
r-release-windows-x86_64 | 0.2.0 | 302.00 | 375.00 | 677.00 | NOTE | |
r-oldrel-macos-arm64 | 0.2.0 | 258.00 | NOTE | |||
r-oldrel-macos-x86_64 | 0.2.0 | 466.00 | NOTE | |||
r-oldrel-windows-x86_64 | 0.2.0 | 440.00 | 529.00 | 969.00 | NOTE |
Version: 0.2.0
Check: dependencies in R code
Result: NOTE
Namespaces in Imports field not imported from:
‘RcppParallel’ ‘rstantools’
All declared Imports should be used.
Flavors: r-devel-linux-x86_64-fedora-clang, r-devel-linux-x86_64-fedora-gcc
Version: 0.2.0
Check: for GNU extensions in Makefiles
Result: NOTE
GNU make is a SystemRequirements.
Flavors: r-patched-linux-x86_64, r-release-linux-x86_64, r-release-macos-arm64, r-release-macos-x86_64, r-release-windows-x86_64, r-oldrel-macos-arm64, r-oldrel-macos-x86_64, r-oldrel-windows-x86_64
Version: 0.2.0
Check: installed package size
Result: NOTE
installed size is 99.6Mb
sub-directories of 1Mb or more:
libs 98.6Mb
Flavors: r-release-macos-arm64, r-release-macos-x86_64, r-oldrel-macos-arm64, r-oldrel-macos-x86_64
These binaries (installable software) and packages are in development.
They may not be fully stable and should be used with caution. We make no claims about them.