Last updated on 2025-05-08 04:52:09 CEST.
Flavor | Version | Tinstall | Tcheck | Ttotal | Status | Flags |
---|---|---|---|---|---|---|
r-devel-linux-x86_64-debian-clang | 1.1.0 | 40.71 | 388.73 | 429.44 | OK | |
r-devel-linux-x86_64-debian-gcc | 1.1.0 | 25.03 | 246.51 | 271.54 | OK | |
r-devel-linux-x86_64-fedora-clang | 1.1.0 | 673.97 | OK | |||
r-devel-linux-x86_64-fedora-gcc | 1.1.0 | 699.58 | OK | |||
r-devel-windows-x86_64 | 1.1.0 | 40.00 | 347.00 | 387.00 | OK | |
r-patched-linux-x86_64 | 1.1.0 | 39.38 | 369.32 | 408.70 | OK | |
r-release-linux-x86_64 | 1.1.0 | 34.40 | 369.23 | 403.63 | OK | |
r-release-macos-arm64 | 1.1.0 | 191.00 | OK | |||
r-release-macos-x86_64 | 1.1.0 | 350.00 | OK | |||
r-release-windows-x86_64 | 1.1.0 | 39.00 | 341.00 | 380.00 | OK | |
r-oldrel-macos-arm64 | 1.1.0 | 153.00 | NOTE | |||
r-oldrel-macos-x86_64 | 1.1.0 | 275.00 | NOTE | |||
r-oldrel-windows-x86_64 | 1.1.0 | 55.00 | 452.00 | 507.00 | NOTE |
Version: 1.1.0
Check: installed package size
Result: NOTE
installed size is 7.0Mb
sub-directories of 1Mb or more:
R 2.1Mb
doc-overview 2.2Mb
Flavors: r-oldrel-macos-arm64, r-oldrel-macos-x86_64, r-oldrel-windows-x86_64
These binaries (installable software) and packages are in development.
They may not be fully stable and should be used with caution. We make no claims about them.