Last updated on 2025-11-12 09:49:49 CET.
| Flavor | Version | Tinstall | Tcheck | Ttotal | Status | Flags |
|---|---|---|---|---|---|---|
| r-devel-linux-x86_64-debian-clang | 1.1.0 | 38.78 | 410.45 | 449.23 | OK | |
| r-devel-linux-x86_64-debian-gcc | 1.1.0 | 24.56 | 252.58 | 277.14 | OK | |
| r-devel-linux-x86_64-fedora-clang | 1.1.0 | 207.00 | 512.31 | 719.31 | OK | |
| r-devel-linux-x86_64-fedora-gcc | 1.1.0 | 76.00 | 620.92 | 696.92 | OK | |
| r-devel-windows-x86_64 | 1.1.0 | 39.00 | 356.00 | 395.00 | OK | |
| r-patched-linux-x86_64 | 1.1.0 | 40.60 | 388.76 | 429.36 | OK | |
| r-release-linux-x86_64 | 1.1.0 | 37.83 | 387.27 | 425.10 | OK | |
| r-release-macos-arm64 | 1.1.0 | 18.00 | 173.00 | 191.00 | OK | |
| r-release-macos-x86_64 | 1.1.0 | 30.00 | 320.00 | 350.00 | OK | |
| r-release-windows-x86_64 | 1.1.0 | 40.00 | 358.00 | 398.00 | OK | |
| r-oldrel-macos-arm64 | 1.1.0 | 16.00 | 137.00 | 153.00 | NOTE | |
| r-oldrel-macos-x86_64 | 1.1.0 | 26.00 | 249.00 | 275.00 | NOTE | |
| r-oldrel-windows-x86_64 | 1.1.0 | 57.00 | 493.00 | 550.00 | NOTE |
Version: 1.1.0
Check: installed package size
Result: NOTE
installed size is 7.0Mb
sub-directories of 1Mb or more:
R 2.1Mb
doc-overview 2.2Mb
Flavors: r-oldrel-macos-arm64, r-oldrel-macos-x86_64, r-oldrel-windows-x86_64
These binaries (installable software) and packages are in development.
They may not be fully stable and should be used with caution. We make no claims about them.