CRAN Package Check Results for Package LNIRT

Last updated on 2025-07-02 03:50:45 CEST.

Flavor Version Tinstall Tcheck Ttotal Status Flags
r-devel-linux-x86_64-debian-clang 0.5.1 10.00 42.75 52.75 NOTE
r-devel-linux-x86_64-debian-gcc 0.5.1 6.29 29.51 35.80 NOTE
r-devel-linux-x86_64-fedora-clang 0.5.1 85.05 OK
r-devel-linux-x86_64-fedora-gcc 0.5.1 76.75 OK
r-devel-windows-x86_64 0.5.1 10.00 56.00 66.00 OK
r-patched-linux-x86_64 OK
r-release-linux-x86_64 0.5.1 7.91 41.63 49.54 OK
r-release-macos-arm64 0.5.1 29.00 OK
r-release-macos-x86_64 0.5.1 48.00 OK
r-release-windows-x86_64 0.5.1 10.00 57.00 67.00 OK
r-oldrel-macos-arm64 0.5.1 22.00 OK
r-oldrel-macos-x86_64 0.5.1 36.00 OK
r-oldrel-windows-x86_64 0.5.1 11.00 66.00 77.00 OK

Check Details

Version: 0.5.1
Check: CRAN incoming feasibility
Result: NOTE Maintainer: ‘Konrad Klotzke <omd.bms.utwente.stats@gmail.com>’ No Authors@R field in DESCRIPTION. Please add one, modifying Authors@R: c(person(given = "Jean-Paul", family = "Fox", role = "aut"), person(given = "Konrad", family = "Klotzke", role = c("aut", "cre"), email = "omd.bms.utwente.stats@gmail.com"), person(given = c("Rinke", "Klein"), family = "Entink", role = "aut")) as necessary. Flavors: r-devel-linux-x86_64-debian-clang, r-devel-linux-x86_64-debian-gcc

These binaries (installable software) and packages are in development.
They may not be fully stable and should be used with caution. We make no claims about them.