CRAN Package Check Results for Package LOCUS

Last updated on 2025-07-02 03:50:45 CEST.

Flavor Version Tinstall Tcheck Ttotal Status Flags
r-devel-linux-x86_64-debian-clang 1.0 2.43 27.65 30.08 NOTE
r-devel-linux-x86_64-debian-gcc 1.0 1.43 22.27 23.70 NOTE
r-devel-linux-x86_64-fedora-clang 1.0 44.82 OK
r-devel-linux-x86_64-fedora-gcc 1.0 42.90 OK
r-devel-windows-x86_64 1.0 4.00 51.00 55.00 OK
r-patched-linux-x86_64 OK
r-release-linux-x86_64 1.0 2.02 25.09 27.11 OK
r-release-macos-arm64 1.0 22.00 OK
r-release-macos-x86_64 1.0 33.00 OK
r-release-windows-x86_64 1.0 4.00 54.00 58.00 OK
r-oldrel-macos-arm64 1.0 19.00 OK
r-oldrel-macos-x86_64 1.0 30.00 OK
r-oldrel-windows-x86_64 1.0 5.00 55.00 60.00 OK

Check Details

Version: 1.0
Check: CRAN incoming feasibility
Result: NOTE Maintainer: ‘Jialu Ran <jialuran422@gmail.com>’ The Description field contains was proposed in Wang and Guo (2023) <arXiv:2008.08915>. For brain Please refer to arXiv e-prints via their arXiv DOI <doi:10.48550/arXiv.YYMM.NNNNN>. Flavors: r-devel-linux-x86_64-debian-clang, r-devel-linux-x86_64-debian-gcc

These binaries (installable software) and packages are in development.
They may not be fully stable and should be used with caution. We make no claims about them.