Last updated on 2025-10-23 09:50:49 CEST.
Flavor | Version | Tinstall | Tcheck | Ttotal | Status | Flags |
---|---|---|---|---|---|---|
r-devel-linux-x86_64-debian-clang | 0.5.0 | 29.91 | 70.34 | 100.25 | OK | |
r-devel-linux-x86_64-debian-gcc | 0.5.0 | 23.15 | 46.41 | 69.56 | OK | |
r-devel-linux-x86_64-fedora-clang | 0.5.0 | 190.00 | -12.30 | 177.70 | OK | |
r-devel-linux-x86_64-fedora-gcc | 0.5.0 | 175.00 | 1.22 | 176.22 | OK | |
r-devel-windows-x86_64 | 0.5.0 | 39.00 | 190.00 | 229.00 | OK | |
r-patched-linux-x86_64 | 0.5.0 | 32.07 | 65.56 | 97.63 | OK | |
r-release-linux-x86_64 | 0.5.0 | 32.38 | 66.59 | 98.97 | OK | |
r-release-macos-arm64 | 0.5.0 | 19.00 | 85.00 | 104.00 | OK | |
r-release-macos-x86_64 | 0.5.0 | 27.00 | 159.00 | 186.00 | OK | |
r-release-windows-x86_64 | 0.5.0 | 41.00 | 194.00 | 235.00 | OK | |
r-oldrel-macos-arm64 | 0.5.0 | 13.00 | 74.00 | 87.00 | NOTE | |
r-oldrel-macos-x86_64 | 0.5.0 | 24.00 | 138.00 | 162.00 | NOTE | |
r-oldrel-windows-x86_64 | 0.5.0 | 46.00 | 296.00 | 342.00 | OK |
Version: 0.5.0
Check: installed package size
Result: NOTE
installed size is 6.2Mb
sub-directories of 1Mb or more:
libs 5.0Mb
Flavors: r-oldrel-macos-arm64, r-oldrel-macos-x86_64
These binaries (installable software) and packages are in development.
They may not be fully stable and should be used with caution. We make no claims about them.