CRAN Package Check Results for Package LOMAR

Last updated on 2025-05-01 10:50:14 CEST.

Flavor Version Tinstall Tcheck Ttotal Status Flags
r-devel-linux-x86_64-debian-clang 0.5.0 32.67 68.12 100.79 NOTE
r-devel-linux-x86_64-debian-gcc 0.5.0 23.93 44.69 68.62 OK
r-devel-linux-x86_64-fedora-clang 0.5.0 180.21 OK
r-devel-linux-x86_64-fedora-gcc 0.5.0 164.42 OK
r-devel-windows-x86_64 0.5.0 40.00 196.00 236.00 OK
r-patched-linux-x86_64 0.5.0 34.93 64.90 99.83 OK
r-release-linux-x86_64 OK
r-release-macos-arm64 0.5.0 104.00 OK
r-release-macos-x86_64 0.5.0 186.00 OK
r-release-windows-x86_64 0.5.0 42.00 199.00 241.00 OK
r-oldrel-macos-arm64 0.5.0 87.00 NOTE
r-oldrel-macos-x86_64 0.5.0 162.00 NOTE
r-oldrel-windows-x86_64 0.5.0 45.00 277.00 322.00 OK

Check Details

Version: 0.5.0
Check: examples
Result: NOTE Examples with CPU (user + system) or elapsed time > 5s user system elapsed jrmpc 8.916 0.074 11.23 Flavor: r-devel-linux-x86_64-debian-clang

Version: 0.5.0
Check: examples
Result: NA user system elapsed jrmpc 4.218 0.073 5.458 OK Flavor: r-devel-linux-x86_64-debian-gcc

Version: 0.5.0
Check: installed package size
Result: NOTE installed size is 6.2Mb sub-directories of 1Mb or more: libs 5.0Mb Flavors: r-oldrel-macos-arm64, r-oldrel-macos-x86_64

These binaries (installable software) and packages are in development.
They may not be fully stable and should be used with caution. We make no claims about them.