Last updated on 2025-02-16 10:50:49 CET.
Flavor | Version | Tinstall | Tcheck | Ttotal | Status | Flags |
---|---|---|---|---|---|---|
r-devel-linux-x86_64-debian-clang | 0.5.0 | 30.93 | 66.52 | 97.45 | OK | |
r-devel-linux-x86_64-debian-gcc | 0.5.0 | 24.11 | 43.57 | 67.68 | OK | |
r-devel-linux-x86_64-fedora-clang | 0.5.0 | 179.37 | OK | |||
r-devel-linux-x86_64-fedora-gcc | 0.5.0 | 170.50 | OK | |||
r-devel-macos-arm64 | 0.5.0 | 86.00 | OK | |||
r-devel-macos-x86_64 | 0.5.0 | 219.00 | OK | |||
r-devel-windows-x86_64 | 0.5.0 | 37.00 | 189.00 | 226.00 | OK | |
r-patched-linux-x86_64 | 0.5.0 | 35.21 | 63.44 | 98.65 | OK | |
r-release-linux-x86_64 | 0.5.0 | 33.19 | 62.26 | 95.45 | OK | |
r-release-macos-arm64 | 0.5.0 | 87.00 | NOTE | |||
r-release-macos-x86_64 | 0.5.0 | 162.00 | NOTE | |||
r-release-windows-x86_64 | 0.5.0 | 36.00 | 197.00 | 233.00 | OK | |
r-oldrel-macos-arm64 | 0.5.0 | 88.00 | NOTE | |||
r-oldrel-macos-x86_64 | 0.5.0 | 167.00 | NOTE | |||
r-oldrel-windows-x86_64 | 0.5.0 | 45.00 | 255.00 | 300.00 | OK |
Version: 0.5.0
Check: installed package size
Result: NOTE
installed size is 6.2Mb
sub-directories of 1Mb or more:
libs 5.0Mb
Flavors: r-release-macos-arm64, r-release-macos-x86_64, r-oldrel-macos-arm64, r-oldrel-macos-x86_64
These binaries (installable software) and packages are in development.
They may not be fully stable and should be used with caution. We make no claims about them.