CRAN Package Check Results for Package LOMAR

Last updated on 2025-07-05 01:49:26 CEST.

Flavor Version Tinstall Tcheck Ttotal Status Flags
r-devel-linux-x86_64-debian-clang 0.5.0 33.00 70.02 103.02 OK
r-devel-linux-x86_64-debian-gcc 0.5.0 23.42 45.94 69.36 OK
r-devel-linux-x86_64-fedora-clang 0.5.0 160.01 OK
r-devel-linux-x86_64-fedora-gcc 0.5.0 162.47 OK
r-devel-windows-x86_64 0.5.0 39.00 193.00 232.00 OK
r-patched-linux-x86_64 0.5.0 33.59 63.45 97.04 OK
r-release-linux-x86_64 0.5.0 32.45 64.73 97.18 OK
r-release-macos-arm64 0.5.0 104.00 OK
r-release-macos-x86_64 0.5.0 186.00 OK
r-release-windows-x86_64 0.5.0 40.00 196.00 236.00 OK
r-oldrel-macos-arm64 0.5.0 87.00 NOTE
r-oldrel-macos-x86_64 0.5.0 162.00 NOTE
r-oldrel-windows-x86_64 0.5.0 48.00 274.00 322.00 OK

Check Details

Version: 0.5.0
Check: installed package size
Result: NOTE installed size is 6.2Mb sub-directories of 1Mb or more: libs 5.0Mb Flavors: r-oldrel-macos-arm64, r-oldrel-macos-x86_64

These binaries (installable software) and packages are in development.
They may not be fully stable and should be used with caution. We make no claims about them.