Last updated on 2025-05-23 11:55:58 CEST.
Flavor | Version | Tinstall | Tcheck | Ttotal | Status | Flags |
---|---|---|---|---|---|---|
r-devel-linux-x86_64-debian-clang | 2.1 | 2.22 | 24.19 | 26.41 | NOTE | |
r-devel-linux-x86_64-debian-gcc | 2.1 | 1.74 | 19.47 | 21.21 | NOTE | |
r-devel-linux-x86_64-fedora-clang | 2.1 | 40.70 | OK | |||
r-devel-linux-x86_64-fedora-gcc | 2.1 | 38.57 | OK | |||
r-devel-windows-x86_64 | 2.1 | 5.00 | 48.00 | 53.00 | OK | |
r-patched-linux-x86_64 | 2.1 | 1.87 | 23.49 | 25.36 | OK | |
r-release-linux-x86_64 | 2.1 | 2.13 | 23.07 | 25.20 | OK | |
r-release-macos-arm64 | 2.1 | 17.00 | OK | |||
r-release-macos-x86_64 | 2.1 | 27.00 | OK | |||
r-release-windows-x86_64 | 2.1 | 5.00 | 47.00 | 52.00 | OK | |
r-oldrel-macos-arm64 | 2.1 | 18.00 | OK | |||
r-oldrel-macos-x86_64 | 2.1 | 23.00 | OK | |||
r-oldrel-windows-x86_64 | 2.1 | 5.00 | 49.00 | 54.00 | OK |
Version: 2.1
Check: CRAN incoming feasibility
Result: NOTE
Maintainer: ‘Kaijun Wang <kaijun.wang@temple.edu>’
No Authors@R field in DESCRIPTION.
Please add one, modifying
Authors@R: c(person(given = "Subhadeep",
family = "Mukhopadhyay",
role = "aut"),
person(given = "Kaijun",
family = "Wang",
role = c("aut", "cre"),
email = "kaijun.wang@temple.edu"))
as necessary.
Flavors: r-devel-linux-x86_64-debian-clang, r-devel-linux-x86_64-debian-gcc
These binaries (installable software) and packages are in development.
They may not be fully stable and should be used with caution. We make no claims about them.