Last updated on 2025-05-01 10:50:14 CEST.
Flavor | Version | Tinstall | Tcheck | Ttotal | Status | Flags |
---|---|---|---|---|---|---|
r-devel-linux-x86_64-debian-clang | 1.0.0 | 2.11 | 46.01 | 48.12 | NOTE | |
r-devel-linux-x86_64-debian-gcc | 1.0.0 | 1.42 | 32.32 | 33.74 | NOTE | |
r-devel-linux-x86_64-fedora-clang | 1.0.0 | 83.74 | OK | |||
r-devel-linux-x86_64-fedora-gcc | 1.0.0 | 98.66 | OK | |||
r-devel-windows-x86_64 | 1.0.0 | 3.00 | 80.00 | 83.00 | OK | |
r-patched-linux-x86_64 | 1.0.0 | 2.10 | 43.00 | 45.10 | OK | |
r-release-linux-x86_64 | OK | |||||
r-release-macos-arm64 | 1.0.0 | 42.00 | OK | |||
r-release-macos-x86_64 | 1.0.0 | 56.00 | OK | |||
r-release-windows-x86_64 | 1.0.0 | 3.00 | 64.00 | 67.00 | OK | |
r-oldrel-macos-arm64 | 1.0.0 | 30.00 | OK | |||
r-oldrel-macos-x86_64 | 1.0.0 | 50.00 | OK | |||
r-oldrel-windows-x86_64 | 1.0.0 | 4.00 | 75.00 | 79.00 | OK |
Version: 1.0.0
Check: CRAN incoming feasibility
Result: NOTE
Maintainer: ‘Thevaa Chandereng <chandereng@wisc.edu>’
Package CITATION file contains call(s) to old-style citEntry(). Please
use bibentry() instead.
Flavors: r-devel-linux-x86_64-debian-clang, r-devel-linux-x86_64-debian-gcc
These binaries (installable software) and packages are in development.
They may not be fully stable and should be used with caution. We make no claims about them.