CRAN Package Check Results for Package LPower

Last updated on 2025-05-01 14:49:14 CEST.

Flavor Version Tinstall Tcheck Ttotal Status Flags
r-devel-linux-x86_64-debian-clang 0.1.1 2.09 19.55 21.64 NOTE
r-devel-linux-x86_64-debian-gcc 0.1.1 1.51 15.98 17.49 NOTE
r-devel-linux-x86_64-fedora-clang 0.1.1 33.40 OK
r-devel-linux-x86_64-fedora-gcc 0.1.1 31.71 OK
r-devel-windows-x86_64 0.1.1 3.00 43.00 46.00 OK
r-patched-linux-x86_64 0.1.1 2.16 18.50 20.66 OK
r-release-linux-x86_64 OK
r-release-macos-arm64 0.1.1 21.00 OK
r-release-macos-x86_64 0.1.1 25.00 OK
r-release-windows-x86_64 0.1.1 3.00 46.00 49.00 OK
r-oldrel-macos-arm64 0.1.1 16.00 NOTE
r-oldrel-macos-x86_64 0.1.1 21.00 NOTE
r-oldrel-windows-x86_64 0.1.1 3.00 42.00 45.00 NOTE

Check Details

Version: 0.1.1
Check: CRAN incoming feasibility
Result: NOTE Maintainer: ‘David A. Schoenfeld <Dschoenfeld@mgh.harvard.edu>’ No Authors@R field in DESCRIPTION. Please add one, modifying Authors@R: person(given = c("David", "A."), family = "Schoenfeld", role = c("aut", "cre"), email = "dschoenfeld@mgh.harvard.edu") as necessary. Flavors: r-devel-linux-x86_64-debian-clang, r-devel-linux-x86_64-debian-gcc

Version: 0.1.1
Check: LazyData
Result: NOTE 'LazyData' is specified without a 'data' directory Flavors: r-oldrel-macos-arm64, r-oldrel-macos-x86_64, r-oldrel-windows-x86_64

These binaries (installable software) and packages are in development.
They may not be fully stable and should be used with caution. We make no claims about them.