Last updated on 2025-11-16 03:50:01 CET.
| Flavor | Version | Tinstall | Tcheck | Ttotal | Status | Flags |
|---|---|---|---|---|---|---|
| r-devel-linux-x86_64-debian-clang | 1.0.0 | 24.29 | 62.78 | 87.07 | OK | |
| r-devel-linux-x86_64-debian-gcc | 1.0.0 | 18.76 | 48.84 | 67.60 | OK | |
| r-devel-linux-x86_64-fedora-clang | 1.0.0 | 90.00 | 65.94 | 155.94 | OK | |
| r-devel-linux-x86_64-fedora-gcc | 1.0.0 | 122.00 | 23.76 | 145.76 | OK | |
| r-devel-windows-x86_64 | 1.0.0 | 37.00 | 84.00 | 121.00 | OK | |
| r-patched-linux-x86_64 | 1.0.0 | 26.90 | 62.38 | 89.28 | OK | |
| r-release-linux-x86_64 | 1.0.0 | 25.35 | 63.33 | 88.68 | OK | |
| r-release-macos-arm64 | 1.0.0 | 11.00 | 27.00 | 38.00 | OK | |
| r-release-macos-x86_64 | 1.0.0 | 37.00 | 110.00 | 147.00 | OK | |
| r-release-windows-x86_64 | 1.0.0 | 29.00 | 86.00 | 115.00 | OK | |
| r-oldrel-macos-arm64 | 1.0.0 | 12.00 | 32.00 | 44.00 | NOTE | |
| r-oldrel-macos-x86_64 | 1.0.0 | 42.00 | 114.00 | 156.00 | NOTE | |
| r-oldrel-windows-x86_64 | 1.0.0 | 36.00 | 107.00 | 143.00 | OK |
Version: 1.0.0
Check: installed package size
Result: NOTE
installed size is 5.2Mb
sub-directories of 1Mb or more:
libs 5.0Mb
Flavors: r-oldrel-macos-arm64, r-oldrel-macos-x86_64
These binaries (installable software) and packages are in development.
They may not be fully stable and should be used with caution. We make no claims about them.