CRAN Package Check Results for Package LS2W

Last updated on 2025-02-16 10:50:49 CET.

Flavor Version Tinstall Tcheck Ttotal Status Flags
r-devel-linux-x86_64-debian-clang 1.3.6 11.39 39.83 51.22 NOTE
r-devel-linux-x86_64-debian-gcc 1.3.6 7.66 31.27 38.93 NOTE
r-devel-linux-x86_64-fedora-clang 1.3.6 79.64 OK
r-devel-linux-x86_64-fedora-gcc 1.3.6 78.35 OK
r-devel-macos-arm64 1.3.6 27.00 OK
r-devel-macos-x86_64 1.3.6 50.00 OK
r-devel-windows-x86_64 1.3.6 15.00 65.00 80.00 NOTE
r-patched-linux-x86_64 1.3.6 12.93 38.78 51.71 OK
r-release-linux-x86_64 1.3.6 10.80 38.96 49.76 OK
r-release-macos-arm64 1.3.6 26.00 OK
r-release-macos-x86_64 1.3.6 42.00 OK
r-release-windows-x86_64 1.3.6 17.00 67.00 84.00 OK
r-oldrel-macos-arm64 1.3.6 26.00 OK
r-oldrel-macos-x86_64 1.3.6 46.00 OK
r-oldrel-windows-x86_64 1.3.6 16.00 69.00 85.00 OK

Check Details

Version: 1.3.6
Check: Rd cross-references
Result: NOTE Found the following Rd file(s) with Rd \link{} targets missing package anchors: AvBasis.wst2D.Rd: wst2D, wst2D.object imwr.imwd.rd: imwd.object, filter.select, imwr Please provide package anchors for all Rd \link{} targets not in the package itself and the base packages. Flavors: r-devel-linux-x86_64-debian-clang, r-devel-linux-x86_64-debian-gcc, r-devel-windows-x86_64

These binaries (installable software) and packages are in development.
They may not be fully stable and should be used with caution. We make no claims about them.