Last updated on 2025-10-23 09:50:49 CEST.
Flavor | Version | Tinstall | Tcheck | Ttotal | Status | Flags |
---|---|---|---|---|---|---|
r-devel-linux-x86_64-debian-clang | 2024.1.0 | 8.37 | 62.45 | 70.82 | OK | |
r-devel-linux-x86_64-debian-gcc | 2024.1.0 | 6.07 | 44.03 | 50.10 | OK | |
r-devel-linux-x86_64-fedora-clang | 2024.1.0 | 19.00 | 89.47 | 108.47 | NOTE | |
r-devel-linux-x86_64-fedora-gcc | 2024.1.0 | 22.00 | 80.65 | 102.65 | NOTE | |
r-devel-windows-x86_64 | 2024.1.0 | 10.00 | 68.00 | 78.00 | OK | |
r-patched-linux-x86_64 | 2024.1.0 | 8.27 | 57.10 | 65.37 | OK | |
r-release-linux-x86_64 | 2024.1.0 | 7.89 | 56.68 | 64.57 | OK | |
r-release-macos-arm64 | 2024.1.0 | 4.00 | 26.00 | 30.00 | OK | |
r-release-macos-x86_64 | 2024.1.0 | 7.00 | 55.00 | 62.00 | OK | |
r-release-windows-x86_64 | 2024.1.0 | 12.00 | 68.00 | 80.00 | OK | |
r-oldrel-macos-arm64 | 2024.1.0 | 4.00 | 28.00 | 32.00 | OK | |
r-oldrel-macos-x86_64 | 2024.1.0 | 7.00 | 60.00 | 67.00 | OK | |
r-oldrel-windows-x86_64 | 2024.1.0 | 13.00 | 85.00 | 98.00 | OK |
Version: 2024.1.0
Check: dependencies in R code
Result: NOTE
Namespaces in Imports field not imported from:
‘ggplot2’ ‘grDevices’ ‘latex2exp’
All declared Imports should be used.
Flavors: r-devel-linux-x86_64-fedora-clang, r-devel-linux-x86_64-fedora-gcc
These binaries (installable software) and packages are in development.
They may not be fully stable and should be used with caution. We make no claims about them.