CRAN Package Check Results for Package LSAmitR

Last updated on 2025-07-26 07:50:26 CEST.

Flavor Version Tinstall Tcheck Ttotal Status Flags
r-devel-linux-x86_64-debian-clang 1.0-3 13.64 108.52 122.16 OK
r-devel-linux-x86_64-debian-gcc 1.0-3 7.87 77.77 85.64 OK
r-devel-linux-x86_64-fedora-clang 1.0-3 196.83 OK
r-devel-linux-x86_64-fedora-gcc 1.0-3 180.24 OK
r-devel-windows-x86_64 1.0-3 14.00 120.00 134.00 OK
r-patched-linux-x86_64 1.0-3 11.53 101.20 112.73 OK
r-release-linux-x86_64 1.0-3 11.30 102.49 113.79 OK
r-release-macos-arm64 1.0-3 50.00 OK
r-release-macos-x86_64 1.0-3 89.00 OK
r-release-windows-x86_64 1.0-3 13.00 119.00 132.00 OK
r-oldrel-macos-arm64 1.0-3 51.00 NOTE
r-oldrel-macos-x86_64 1.0-3 97.00 NOTE
r-oldrel-windows-x86_64 1.0-3 18.00 146.00 164.00 NOTE

Check Details

Version: 1.0-3
Check: package dependencies
Result: NOTE Package suggested but not available for checking: ‘kerdiest’ Flavors: r-oldrel-macos-arm64, r-oldrel-macos-x86_64, r-oldrel-windows-x86_64

These binaries (installable software) and packages are in development.
They may not be fully stable and should be used with caution. We make no claims about them.