CRAN Package Check Results for Package LSAmitR

Last updated on 2025-10-23 15:49:59 CEST.

Flavor Version Tinstall Tcheck Ttotal Status Flags
r-devel-linux-x86_64-debian-clang 1.0-3 13.42 120.92 134.34 NOTE
r-devel-linux-x86_64-debian-gcc 1.0-3 8.83 82.19 91.02 OK
r-devel-linux-x86_64-fedora-clang 1.0-3 26.00 169.38 195.38 OK
r-devel-linux-x86_64-fedora-gcc 1.0-3 30.00 160.13 190.13 OK
r-devel-windows-x86_64 1.0-3 14.00 122.00 136.00 OK
r-patched-linux-x86_64 1.0-3 14.17 112.82 126.99 OK
r-release-linux-x86_64 1.0-3 12.36 111.18 123.54 OK
r-release-macos-arm64 1.0-3 6.00 44.00 50.00 OK
r-release-macos-x86_64 1.0-3 10.00 79.00 89.00 OK
r-release-windows-x86_64 1.0-3 16.00 132.00 148.00 OK
r-oldrel-macos-arm64 1.0-3 6.00 45.00 51.00 NOTE
r-oldrel-macos-x86_64 1.0-3 11.00 86.00 97.00 NOTE
r-oldrel-windows-x86_64 1.0-3 18.00 155.00 173.00 NOTE

Check Details

Version: 1.0-3
Check: HTML version of manual
Result: NOTE Found the following HTML validation problems: 03_StandardSetting__20220517.html:285:1 (03_StandardSetting__20220517.Rd:413): Warning: <h5> anchor "Listing-1+3A-Feedback" already defined 03_StandardSetting__20220517.html:309:1 (03_StandardSetting__20220517.Rd:450): Warning: <h5> anchor "Listing-2+3A-Cut-Score-Berechnung" already defined LSAmitR-methods.html:80:1 (LSAmitR-methods.Rd:40): Warning: missing </ul> before </div> Flavor: r-devel-linux-x86_64-debian-clang

Version: 1.0-3
Check: package dependencies
Result: NOTE Package suggested but not available for checking: ‘kerdiest’ Flavors: r-oldrel-macos-arm64, r-oldrel-macos-x86_64, r-oldrel-windows-x86_64

These binaries (installable software) and packages are in development.
They may not be fully stable and should be used with caution. We make no claims about them.