CRAN Package Check Results for Package LSAmitR

Last updated on 2025-05-08 04:52:09 CEST.

Flavor Version Tinstall Tcheck Ttotal Status Flags
r-devel-linux-x86_64-debian-clang 1.0-3 11.99 109.47 121.46 OK
r-devel-linux-x86_64-debian-gcc 1.0-3 7.86 78.49 86.35 OK
r-devel-linux-x86_64-fedora-clang 1.0-3 176.98 OK
r-devel-linux-x86_64-fedora-gcc 1.0-3 192.27 OK
r-devel-windows-x86_64 1.0-3 13.00 121.00 134.00 OK
r-patched-linux-x86_64 1.0-3 13.98 102.24 116.22 OK
r-release-linux-x86_64 1.0-3 11.98 102.30 114.28 OK
r-release-macos-arm64 1.0-3 50.00 OK
r-release-macos-x86_64 1.0-3 89.00 OK
r-release-windows-x86_64 1.0-3 15.00 121.00 136.00 OK
r-oldrel-macos-arm64 1.0-3 51.00 NOTE
r-oldrel-macos-x86_64 1.0-3 97.00 NOTE
r-oldrel-windows-x86_64 1.0-3 19.00 149.00 168.00 NOTE

Check Details

Version: 1.0-3
Check: package dependencies
Result: NOTE Package suggested but not available for checking: ‘kerdiest’ Flavors: r-oldrel-macos-arm64, r-oldrel-macos-x86_64, r-oldrel-windows-x86_64

These binaries (installable software) and packages are in development.
They may not be fully stable and should be used with caution. We make no claims about them.