Last updated on 2025-05-01 14:49:14 CEST.
Flavor | Version | Tinstall | Tcheck | Ttotal | Status | Flags |
---|---|---|---|---|---|---|
r-devel-linux-x86_64-debian-clang | 4.1-0 | 6.97 | 58.74 | 65.71 | NOTE | |
r-devel-linux-x86_64-debian-gcc | 4.1-0 | 5.03 | 40.96 | 45.99 | NOTE | |
r-devel-linux-x86_64-fedora-clang | 4.1-0 | 106.58 | OK | |||
r-devel-linux-x86_64-fedora-gcc | 4.1-0 | 102.92 | OK | |||
r-devel-windows-x86_64 | 4.1-0 | 8.00 | 95.00 | 103.00 | OK | |
r-patched-linux-x86_64 | 4.1-0 | 8.71 | 58.47 | 67.18 | OK | |
r-release-linux-x86_64 | OK | |||||
r-release-macos-arm64 | 4.1-0 | 33.00 | OK | |||
r-release-macos-x86_64 | 4.1-0 | 59.00 | OK | |||
r-release-windows-x86_64 | 4.1-0 | 9.00 | 88.00 | 97.00 | OK | |
r-oldrel-macos-arm64 | 4.1-0 | 31.00 | OK | |||
r-oldrel-macos-x86_64 | 4.1-0 | 47.00 | OK | |||
r-oldrel-windows-x86_64 | 4.1-0 | 7.00 | 88.00 | 95.00 | OK |
Version: 4.1-0
Check: CRAN incoming feasibility
Result: NOTE
Maintainer: ‘Bjoern Schwalb <schwalb.bjoern@gmail.com>’
No Authors@R field in DESCRIPTION.
Please add one, modifying
Authors@R: c(person(given = "Bjoern",
family = "Schwalb",
role = c("aut", "cre"),
email = "schwalb.bjoern@gmail.com"),
person(given = "Achim",
family = "Tresch",
role = "aut"),
person(given = "Phillipp",
family = "Torkler",
role = "ctb"),
person(given = "Sebastian",
family = "Duemcke",
role = "ctb"),
person(given = "Carina",
family = "Demel",
role = "ctb"),
person(given = "Brian",
family = "Ripley",
role = "ctb"),
person(given = "Bill",
family = "Venables",
role = "ctb"))
as necessary.
Flavors: r-devel-linux-x86_64-debian-clang, r-devel-linux-x86_64-debian-gcc
Version: 4.1-0
Check: examples
Result: NOTE
Examples with CPU (user + system) or elapsed time > 5s
user system elapsed
demotour 3.787 0.114 5.08
Flavor: r-devel-linux-x86_64-debian-clang
These binaries (installable software) and packages are in development.
They may not be fully stable and should be used with caution. We make no claims about them.