CRAN Package Check Results for Package LSDsensitivity

Last updated on 2025-05-01 14:49:14 CEST.

Flavor Version Tinstall Tcheck Ttotal Status Flags
r-devel-linux-x86_64-debian-clang 1.3.0 5.39 51.57 56.96 NOTE
r-devel-linux-x86_64-debian-gcc 1.3.0 3.53 35.87 39.40 OK
r-devel-linux-x86_64-fedora-clang 1.3.0 87.10 OK
r-devel-linux-x86_64-fedora-gcc 1.3.0 80.65 OK
r-devel-windows-x86_64 1.3.0 8.00 76.00 84.00 OK
r-patched-linux-x86_64 1.3.0 5.92 47.86 53.78 OK
r-release-linux-x86_64 OK
r-release-macos-arm64 1.3.0 26.00 OK
r-release-macos-x86_64 1.3.0 47.00 OK
r-release-windows-x86_64 1.3.0 9.00 76.00 85.00 OK
r-oldrel-macos-arm64 1.3.0 29.00 OK
r-oldrel-macos-x86_64 1.3.0 80.00 OK
r-oldrel-windows-x86_64 1.3.0 10.00 89.00 99.00 OK

Check Details

Version: 1.3.0
Check: examples
Result: NOTE Examples with CPU (user + system) or elapsed time > 5s user system elapsed model.limits.lsd 5.212 0.162 7.403 Flavor: r-devel-linux-x86_64-debian-clang

These binaries (installable software) and packages are in development.
They may not be fully stable and should be used with caution. We make no claims about them.