CRAN Package Check Results for Package LSE

Last updated on 2025-11-16 07:49:38 CET.

Flavor Version Tinstall Tcheck Ttotal Status Flags
r-devel-linux-x86_64-debian-clang 1.0.0 1.71 22.12 23.83 NOTE
r-devel-linux-x86_64-debian-gcc 1.0.0 1.55 18.09 19.64 NOTE
r-devel-linux-x86_64-fedora-clang 1.0.0 14.00 24.32 38.32 OK
r-devel-linux-x86_64-fedora-gcc 1.0.0 34.66 OK
r-devel-windows-x86_64 1.0.0 5.00 40.00 45.00 OK
r-patched-linux-x86_64 1.0.0 2.05 20.80 22.85 OK
r-release-linux-x86_64 1.0.0 1.75 21.13 22.88 OK
r-release-macos-arm64 1.0.0 1.00 16.00 17.00 OK
r-release-macos-x86_64 1.0.0 2.00 22.00 24.00 OK
r-release-windows-x86_64 1.0.0 3.00 41.00 44.00 OK
r-oldrel-macos-arm64 1.0.0 1.00 15.00 16.00 OK
r-oldrel-macos-x86_64 1.0.0 2.00 19.00 21.00 OK
r-oldrel-windows-x86_64 1.0.0 2.00 46.00 48.00 OK

Check Details

Version: 1.0.0
Check: CRAN incoming feasibility
Result: NOTE Maintainer: ‘Sergio Andrés Cabrera Miranda <sergio05acm@gmail.com>’ No Authors@R field in DESCRIPTION. Please add one, modifying Authors@R: c(person(given = c("Sergio", "Andrés", "Cabrera"), family = "Miranda", role = c("aut", "cre"), email = "https://orcid.org/0000-0002-8126-8521"), person(given = c("Juan", "Gabriel", "Triana"), family = "Laverde", role = "aut", email = "https://orcid.org/0000-0003-2991-6082")) as necessary. Flavors: r-devel-linux-x86_64-debian-clang, r-devel-linux-x86_64-debian-gcc

These binaries (installable software) and packages are in development.
They may not be fully stable and should be used with caution. We make no claims about them.