Last updated on 2025-11-12 23:50:48 CET.
| Flavor | Version | Tinstall | Tcheck | Ttotal | Status | Flags |
|---|---|---|---|---|---|---|
| r-devel-linux-x86_64-debian-clang | 1.0.0 | 13.21 | 101.35 | 114.56 | OK | |
| r-devel-linux-x86_64-debian-gcc | 1.0.0 | 9.75 | 71.74 | 81.49 | OK | |
| r-devel-linux-x86_64-fedora-clang | 1.0.0 | 66.00 | 119.12 | 185.12 | OK | |
| r-devel-linux-x86_64-fedora-gcc | 1.0.0 | 24.00 | 139.63 | 163.63 | OK | |
| r-devel-windows-x86_64 | 1.0.0 | 14.00 | 104.00 | 118.00 | OK | |
| r-patched-linux-x86_64 | 1.0.0 | 11.69 | 94.69 | 106.38 | OK | |
| r-release-linux-x86_64 | 1.0.0 | 1.74 | 1.74 | ERROR | ||
| r-release-macos-arm64 | 1.0.0 | 6.00 | 35.00 | 41.00 | OK | |
| r-release-macos-x86_64 | 1.0.0 | 10.00 | 85.00 | 95.00 | OK | |
| r-release-windows-x86_64 | 1.0.0 | 14.00 | 102.00 | 116.00 | OK | |
| r-oldrel-macos-arm64 | 1.0.0 | 5.00 | 42.00 | 47.00 | OK | |
| r-oldrel-macos-x86_64 | 1.0.0 | 9.00 | 86.00 | 95.00 | OK | |
| r-oldrel-windows-x86_64 | 1.0.0 | 19.00 | 124.00 | 143.00 | OK |
Version: 1.0.0
Check: package dependencies
Result: ERROR
Package required but not available: ‘EFAfactors’
See section ‘The DESCRIPTION file’ in the ‘Writing R Extensions’
manual.
Flavor: r-release-linux-x86_64
These binaries (installable software) and packages are in development.
They may not be fully stable and should be used with caution. We make no claims about them.