Last updated on 2025-02-16 10:50:50 CET.
Flavor | Version | Tinstall | Tcheck | Ttotal | Status | Flags |
---|---|---|---|---|---|---|
r-devel-linux-x86_64-debian-clang | 0.1.4 | 7.54 | 69.62 | 77.16 | NOTE | |
r-devel-linux-x86_64-debian-gcc | 0.1.4 | 4.91 | 49.08 | 53.99 | NOTE | |
r-devel-linux-x86_64-fedora-clang | 0.1.4 | 124.82 | NOTE | |||
r-devel-linux-x86_64-fedora-gcc | 0.1.4 | 130.24 | NOTE | |||
r-devel-macos-arm64 | 0.1.4 | 47.00 | OK | |||
r-devel-macos-x86_64 | 0.1.4 | 105.00 | NOTE | |||
r-devel-windows-x86_64 | 0.1.4 | 10.00 | 86.00 | 96.00 | NOTE | |
r-patched-linux-x86_64 | 0.1.4 | 7.85 | 64.26 | 72.11 | OK | |
r-release-linux-x86_64 | 0.1.4 | 7.48 | 63.80 | 71.28 | OK | |
r-release-macos-arm64 | 0.1.4 | 52.00 | OK | |||
r-release-macos-x86_64 | 0.1.4 | 142.00 | OK | |||
r-release-windows-x86_64 | 0.1.4 | 9.00 | 87.00 | 96.00 | OK | |
r-oldrel-macos-arm64 | 0.1.4 | 62.00 | OK | |||
r-oldrel-macos-x86_64 | 0.1.4 | 111.00 | OK | |||
r-oldrel-windows-x86_64 | 0.1.4 | 11.00 | 111.00 | 122.00 | OK |
Version: 0.1.4
Check: DESCRIPTION meta-information
Result: NOTE
Missing dependency on R >= 4.1.0 because package code uses the pipe
|> or function shorthand \(...) syntax added in R 4.1.0.
File(s) using such syntax:
‘smr_custom.R’ ‘smr_major.R’ ‘smr_minor.R’
Flavors: r-devel-linux-x86_64-debian-clang, r-devel-linux-x86_64-debian-gcc, r-devel-linux-x86_64-fedora-clang, r-devel-linux-x86_64-fedora-gcc, r-devel-macos-x86_64, r-devel-windows-x86_64
These binaries (installable software) and packages are in development.
They may not be fully stable and should be used with caution. We make no claims about them.