CRAN Package Check Results for Package LTPDvar

Last updated on 2025-02-16 10:50:50 CET.

Flavor Version Tinstall Tcheck Ttotal Status Flags
r-devel-linux-x86_64-debian-clang 1.2.1 2.38 30.55 32.93 NOTE
r-devel-linux-x86_64-debian-gcc 1.2.1 1.58 21.87 23.45 NOTE
r-devel-linux-x86_64-fedora-clang 1.2.1 53.00 NOTE
r-devel-linux-x86_64-fedora-gcc 1.2.1 48.86 NOTE
r-devel-macos-arm64 1.2.1 19.00 NOTE
r-devel-macos-x86_64 1.2.1 34.00 NOTE
r-devel-windows-x86_64 1.2.1 3.00 50.00 53.00 NOTE
r-patched-linux-x86_64 1.2.1 2.72 28.29 31.01 NOTE
r-release-linux-x86_64 1.2.1 2.11 28.16 30.27 NOTE
r-release-macos-arm64 1.2.1 19.00 NOTE
r-release-macos-x86_64 1.2.1 30.00 NOTE
r-release-windows-x86_64 1.2.1 3.00 50.00 53.00 NOTE
r-oldrel-macos-arm64 1.2.1 19.00 OK
r-oldrel-macos-x86_64 1.2.1 27.00 OK
r-oldrel-windows-x86_64 1.2.1 4.00 53.00 57.00 OK

Check Details

Version: 1.2.1
Check: Rd files
Result: NOTE checkRd: (-1) k.Rd:27: Lost braces 27 | code{\link{ACSPlan-class}}, | ^ Flavors: r-devel-linux-x86_64-debian-clang, r-devel-linux-x86_64-debian-gcc, r-devel-linux-x86_64-fedora-clang, r-devel-linux-x86_64-fedora-gcc, r-devel-macos-arm64, r-devel-macos-x86_64, r-devel-windows-x86_64, r-patched-linux-x86_64, r-release-linux-x86_64, r-release-macos-arm64, r-release-macos-x86_64, r-release-windows-x86_64

These binaries (installable software) and packages are in development.
They may not be fully stable and should be used with caution. We make no claims about them.