CRAN Package Check Results for Package LTRCtrees

Last updated on 2025-02-16 10:50:50 CET.

Flavor Version Tinstall Tcheck Ttotal Status Flags
r-devel-linux-x86_64-debian-clang 1.1.1 2.37 51.93 54.30 NOTE
r-devel-linux-x86_64-debian-gcc 1.1.1 1.80 37.00 38.80 NOTE
r-devel-linux-x86_64-fedora-clang 1.1.1 93.71 NOTE
r-devel-linux-x86_64-fedora-gcc 1.1.1 98.02 NOTE
r-devel-macos-arm64 1.1.1 33.00 OK
r-devel-macos-x86_64 1.1.1 57.00 OK
r-devel-windows-x86_64 1.1.1 4.00 67.00 71.00 NOTE
r-patched-linux-x86_64 1.1.1 2.11 48.17 50.28 NOTE
r-release-linux-x86_64 1.1.1 2.34 48.16 50.50 NOTE
r-release-macos-arm64 1.1.1 32.00 NOTE
r-release-macos-x86_64 1.1.1 48.00 NOTE
r-release-windows-x86_64 1.1.1 4.00 70.00 74.00 NOTE
r-oldrel-macos-arm64 1.1.1 34.00 NOTE
r-oldrel-macos-x86_64 1.1.1 73.00 NOTE
r-oldrel-windows-x86_64 1.1.1 4.00 91.00 95.00 NOTE

Check Details

Version: 1.1.1
Check: Rd cross-references
Result: NOTE Found the following Rd file(s) with Rd \link{} targets missing package anchors: LTRCART.Rd: rpart Please provide package anchors for all Rd \link{} targets not in the package itself and the base packages. Flavors: r-devel-linux-x86_64-debian-clang, r-devel-linux-x86_64-debian-gcc, r-devel-windows-x86_64

Version: 1.1.1
Check: dependencies in R code
Result: NOTE Namespaces in Imports field not imported from: ‘Icens’ ‘interval’ All declared Imports should be used. Flavors: r-devel-linux-x86_64-fedora-clang, r-devel-linux-x86_64-fedora-gcc

Version: 1.1.1
Check: LazyData
Result: NOTE 'LazyData' is specified without a 'data' directory Flavors: r-patched-linux-x86_64, r-release-linux-x86_64, r-release-macos-arm64, r-release-macos-x86_64, r-release-windows-x86_64, r-oldrel-macos-arm64, r-oldrel-macos-x86_64, r-oldrel-windows-x86_64

These binaries (installable software) and packages are in development.
They may not be fully stable and should be used with caution. We make no claims about them.